{"id":31,"date":"2024-09-17T15:08:55","date_gmt":"2024-09-17T13:08:55","guid":{"rendered":"https:\/\/lioneletlesautresvictimesdelaroute.fr\/justice\/?page_id=31"},"modified":"2025-07-21T14:05:15","modified_gmt":"2025-07-21T12:05:15","slug":"nos-courriers","status":"publish","type":"page","link":"https:\/\/lioneletlesautresvictimesdelaroute.fr\/justice\/nos-actions\/nos-courriers\/","title":{"rendered":"Nos courriers"},"content":{"rendered":"\t\t<div data-elementor-type=\"wp-page\" data-elementor-id=\"31\" class=\"elementor elementor-31\" data-elementor-settings=\"{&quot;ha_cmc_init_switcher&quot;:&quot;no&quot;}\">\n\t\t\t\t<div class=\"elementor-element elementor-element-1af0e74a e-flex e-con-boxed wpr-particle-no wpr-jarallax-no wpr-parallax-no wpr-sticky-section-no wpr-equal-height-no e-con e-parent\" data-id=\"1af0e74a\" data-element_type=\"container\" data-e-type=\"container\" data-settings=\"{&quot;_ha_eqh_enable&quot;:false}\">\n\t\t\t\t\t<div class=\"e-con-inner\">\n\t\t\t\t<div class=\"elementor-element elementor-element-9caf2a4 elementor-widget elementor-widget-text-editor\" data-id=\"9caf2a4\" data-element_type=\"widget\" data-e-type=\"widget\" data-widget_type=\"text-editor.default\">\n\t\t\t\t<div class=\"elementor-widget-container\">\n\t\t\t\t\t\t\t\t\t<ul><li><h3><a href=\"https:\/\/lioneletlesautresvictimesdelaroute.fr\/justice\/nos-courriers\/courriers-gouvernements\/\">Gouvernements<\/a><\/h3><ul><li><h3><a title=\"Courriers : Gouvernement ATTAL\" href=\"https:\/\/lioneletlesautresvictimesdelaroute.fr\/justice\/nos-actions\/nos-courriers\/courriers-gouvernements\/courriers-gouvernement-bayrou\/\">Gouvernement BAYROU<\/a><\/h3><\/li><li><h3><a title=\"Courriers : Gouvernement ATTAL\" href=\"https:\/\/lioneletlesautresvictimesdelaroute.fr\/justice\/nos-actions\/nos-courriers\/courriers-gouvernements\/courriers-gouvernement-attal\/\">Gouvernement ATTAL<\/a><\/h3><\/li><li><h3><a title=\"Courriers : Gouvernement BARNIER\" href=\"https:\/\/lioneletlesautresvictimesdelaroute.fr\/justice\/nos-actions\/nos-courriers\/courriers-gouvernements\/courriers-gouvernement-barnier\/\">Gouvernement BARNIER<\/a><\/h3><\/li><li><h3><a href=\"https:\/\/lioneletlesautresvictimesdelaroute.fr\/justice\/nos-courriers\/courriers-prefectures\/\">Pr\u00e9fectures<\/a><\/h3><ul><li><h3><a title=\"Courriers : Pr\u00e9fectures 2024\" href=\"https:\/\/lioneletlesautresvictimesdelaroute.fr\/justice\/nos-actions\/nos-courriers\/courriers-prefectures-2024\/\">2024<\/a><\/h3><\/li><li><h3><a title=\"Courriers : Pr\u00e9fectures 2024\" href=\"https:\/\/lioneletlesautresvictimesdelaroute.fr\/justice\/nos-actions\/nos-courriers\/courriers-prefectures-2024\/\">2025<\/a><\/h3><\/li><\/ul><\/li><li><h3><a href=\"https:\/\/lioneletlesautresvictimesdelaroute.fr\/justice\/nos-courriers\/courriers-departements\/\">D\u00e9partements<\/a><\/h3><ul><li><h3><a title=\"Courriers : D\u00e9partements 2024\" href=\"https:\/\/lioneletlesautresvictimesdelaroute.fr\/justice\/nos-actions\/nos-courriers\/courriers-departements-2024\/\">2024<\/a><\/h3><\/li><li><h3><a title=\"Courriers : D\u00e9partements 2025\" href=\"https:\/\/lioneletlesautresvictimesdelaroute.fr\/justice\/nos-actions\/nos-courriers\/courriers-departements-2025\/\">2025<\/a><\/h3><\/li><\/ul><\/li><\/ul><\/li><li><h3><a href=\"https:\/\/lioneletlesautresvictimesdelaroute.fr\/justice\/nos-courriers\/courriers-deputes\/\">D\u00e9put\u00e9s<\/a><\/h3><ul><li><h3><a title=\"Courriers : D\u00e9put\u00e9s 2024\" href=\"https:\/\/lioneletlesautresvictimesdelaroute.fr\/justice\/nos-actions\/nos-courriers\/courriers-deputes-2024\/\">2024<\/a><\/h3><\/li><li><h3><a title=\"Courriers : D\u00e9put\u00e9s 2025\" href=\"https:\/\/lioneletlesautresvictimesdelaroute.fr\/justice\/nos-actions\/nos-courriers\/courriers-deputes\/courriers-deputes-2025\/\">2025<\/a><\/h3><\/li><\/ul><\/li><li><h3><a href=\"https:\/\/lioneletlesautresvictimesdelaroute.fr\/justice\/nos-courriers\/courriers-senateurs\/\">S\u00e9nateurs<\/a><\/h3><ul><li><h3><a title=\"Courriers : S\u00e9nateurs 2024\" href=\"https:\/\/lioneletlesautresvictimesdelaroute.fr\/justice\/nos-actions\/nos-courriers\/courriers-senateurs\/courriers-senateurs-2024\/\">2024<\/a><\/h3><\/li><li><h3><a title=\"Courriers : S\u00e9nateurs 2025\" href=\"https:\/\/lioneletlesautresvictimesdelaroute.fr\/justice\/nos-actions\/nos-courriers\/courriers-senateurs\/courriers-senateurs-2025\/\">2025<\/a><\/h3><\/li><\/ul><\/li><li><h3><a href=\"https:\/\/lioneletlesautresvictimesdelaroute.fr\/justice\/nos-courriers\/courriers-partis-politiques\/\">Partis politiques<\/a><\/h3><ul><li><h3><a title=\"Courriers : Partis politiques 2024\" href=\"https:\/\/lioneletlesautresvictimesdelaroute.fr\/justice\/nos-actions\/nos-courriers\/courriers-partis-politiques\/courriers-partis-politiques-2024\/\">2024<\/a><\/h3><\/li><li><h3><a title=\"Courriers : Partis politiques 2025\" href=\"https:\/\/lioneletlesautresvictimesdelaroute.fr\/justice\/nos-actions\/nos-courriers\/courriers-partis-politiques\/courriers-partis-politiques-2025\/\">2025<\/a><\/h3><\/li><\/ul><\/li><li><h3><a href=\"https:\/\/lioneletlesautresvictimesdelaroute.fr\/justice\/nos-courriers\/courriers-presse\/\">Presse<\/a><\/h3><ul><li><h3><a title=\"Courriers : Presse 2024\" href=\"https:\/\/lioneletlesautresvictimesdelaroute.fr\/justice\/nos-actions\/nos-courriers\/courriers-presse-2024\/\">2024<\/a><\/h3><\/li><li><h3><a title=\"Courriers : Presse 2025\" href=\"https:\/\/lioneletlesautresvictimesdelaroute.fr\/justice\/nos-actions\/nos-courriers\/courriers-presse-2025\/\">2025<\/a><\/h3><\/li><\/ul><\/li><li><h3><a href=\"https:\/\/lioneletlesautresvictimesdelaroute.fr\/justice\/nos-courriers\/courriers-televisions\/\">T\u00e9l\u00e9visions<\/a><\/h3><ul><li><h3><a title=\"Courriers : T\u00e9l\u00e9visions 2024\" href=\"https:\/\/lioneletlesautresvictimesdelaroute.fr\/justice\/nos-actions\/nos-courriers\/courriers-televisions-2024\/\">2024<\/a><\/h3><\/li><li><h3><a title=\"Courriers : T\u00e9l\u00e9visions 2025\" href=\"https:\/\/lioneletlesautresvictimesdelaroute.fr\/justice\/nos-actions\/nos-courriers\/courriers-televisions-2025\/\">2025<\/a><\/h3><\/li><\/ul><\/li><li><h3><a href=\"https:\/\/lioneletlesautresvictimesdelaroute.fr\/justice\/nos-courriers\/courriers-reseaux-sociaux\/\">R\u00e9seaux sociaux<\/a><\/h3><ul><li><h3><a title=\"Courriers : R\u00e9seaux sociaux 2024\" href=\"https:\/\/lioneletlesautresvictimesdelaroute.fr\/justice\/nos-actions\/nos-courriers\/courriers-reseaux-sociaux\/courriers-reseaux-sociaux-2024\/\">2024<\/a><\/h3><\/li><li><h3><a title=\"Courriers : R\u00e9seaux sociaux 2025\" href=\"https:\/\/lioneletlesautresvictimesdelaroute.fr\/justice\/nos-actions\/nos-courriers\/courriers-reseaux-sociaux\/courriers-reseaux-sociaux-2025\/\">2025<\/a><\/h3><\/li><\/ul><\/li><\/ul>\t\t\t\t\t\t\t\t<\/div>\n\t\t\t\t<\/div>\n\t\t\t\t\t<\/div>\n\t\t\t\t<\/div>\n\t\t\t\t<\/div>\n\t\t","protected":false},"excerpt":{"rendered":"<p>Gouvernements Gouvernement BAYROU Gouvernement ATTAL Gouvernement BARNIER Pr\u00e9fectures 2024 2025 D\u00e9partements 2024 2025 D\u00e9put\u00e9s 2024 2025 S\u00e9nateurs 2024 2025 Partis politiques 2024 2025 Presse 2024 2025 T\u00e9l\u00e9visions 2024 2025 R\u00e9seaux sociaux 2024 2025<\/p>\n","protected":false},"author":1,"featured_media":0,"parent":184,"menu_order":1,"comment_status":"closed","ping_status":"closed","template":"elementor_theme","meta":{"_uag_custom_page_level_css":"","sfsi_plus_gutenberg_text_before_share":"","sfsi_plus_gutenberg_show_text_before_share":"","sfsi_plus_gutenberg_icon_type":"","sfsi_plus_gutenberg_icon_alignemt":"","sfsi_plus_gutenburg_max_per_row":"","_lmt_disableupdate":"no","_lmt_disable":"no","_monsterinsights_skip_tracking":false,"_monsterinsights_sitenote_active":false,"_monsterinsights_sitenote_note":"","_monsterinsights_sitenote_category":0,"site-sidebar-layout":"right-sidebar","site-content-layout":"","ast-site-content-layout":"default","site-content-style":"default","site-sidebar-style":"default","ast-global-header-display":"","ast-banner-title-visibility":"","ast-main-header-display":"","ast-hfb-above-header-display":"","ast-hfb-below-header-display":"","ast-hfb-mobile-header-display":"","site-post-title":"","ast-breadcrumbs-content":"","ast-featured-img":"","footer-sml-layout":"","ast-disable-related-posts":"","theme-transparent-header-meta":"default","adv-header-id-meta":"","stick-header-meta":"","header-above-stick-meta":"","header-main-stick-meta":"","header-below-stick-meta":"","astra-migrate-meta-layouts":"set","ast-page-background-enabled":"default","ast-page-background-meta":{"desktop":{"background-color":"var(--ast-global-color-4)","background-image":"","background-repeat":"repeat","background-position":"center center","background-size":"auto","background-attachment":"scroll","background-type":"","background-media":"","overlay-type":"","overlay-color":"","overlay-opacity":"","overlay-gradient":""},"tablet":{"background-color":"","background-image":"","background-repeat":"repeat","background-position":"center center","background-size":"auto","background-attachment":"scroll","background-type":"","background-media":"","overlay-type":"","overlay-color":"","overlay-opacity":"","overlay-gradient":""},"mobile":{"background-color":"","background-image":"","background-repeat":"repeat","background-position":"center center","background-size":"auto","background-attachment":"scroll","background-type":"","background-media":"","overlay-type":"","overlay-color":"","overlay-opacity":"","overlay-gradient":""}},"ast-content-background-meta":{"desktop":{"background-color":"var(--ast-global-color-5)","background-image":"","background-repeat":"repeat","background-position":"center center","background-size":"auto","background-attachment":"scroll","background-type":"","background-media":"","overlay-type":"","overlay-color":"","overlay-opacity":"","overlay-gradient":""},"tablet":{"background-color":"var(--ast-global-color-5)","background-image":"","background-repeat":"repeat","background-position":"center center","background-size":"auto","background-attachment":"scroll","background-type":"","background-media":"","overlay-type":"","overlay-color":"","overlay-opacity":"","overlay-gradient":""},"mobile":{"background-color":"var(--ast-global-color-5)","background-image":"","background-repeat":"repeat","background-position":"center center","background-size":"auto","background-attachment":"scroll","background-type":"","background-media":"","overlay-type":"","overlay-color":"","overlay-opacity":"","overlay-gradient":""}},"iawp_total_views":5,"footnotes":""},"categories":[],"tags":[],"class_list":["post-31","page","type-page","status-publish","hentry"],"aioseo_notices":[],"uagb_featured_image_src":{"full":false,"thumbnail":false,"medium":false,"medium_large":false,"large":false,"1536x1536":false,"2048x2048":false},"uagb_author_info":{"display_name":"Michel BOUDRY","author_link":"https:\/\/lioneletlesautresvictimesdelaroute.fr\/justice\/author\/wmliojustbdy208\/"},"uagb_comment_info":0,"uagb_excerpt":"Gouvernements Gouvernement BAYROU Gouvernement ATTAL Gouvernement BARNIER Pr\u00e9fectures 2024 2025 D\u00e9partements 2024 2025 D\u00e9put\u00e9s 2024 2025 S\u00e9nateurs 2024 2025 Partis politiques 2024 2025 Presse 2024 2025 T\u00e9l\u00e9visions 2024 2025 R\u00e9seaux sociaux 2024 2025","rttpg_featured_image_url":null,"rttpg_author":{"display_name":"Michel BOUDRY","author_link":"https:\/\/lioneletlesautresvictimesdelaroute.fr\/justice\/author\/wmliojustbdy208\/"},"rttpg_comment":0,"rttpg_category":false,"rttpg_excerpt":"Gouvernements Gouvernement BAYROU Gouvernement ATTAL Gouvernement BARNIER Pr\u00e9fectures 2024 2025 D\u00e9partements 2024 2025 D\u00e9put\u00e9s 2024 2025 S\u00e9nateurs 2024 2025 Partis politiques 2024 2025 Presse 2024 2025 T\u00e9l\u00e9visions 2024 2025 R\u00e9seaux sociaux 2024 2025","_links":{"self":[{"href":"https:\/\/lioneletlesautresvictimesdelaroute.fr\/justice\/wp-json\/wp\/v2\/pages\/31","targetHints":{"allow":["GET"]}}],"collection":[{"href":"https:\/\/lioneletlesautresvictimesdelaroute.fr\/justice\/wp-json\/wp\/v2\/pages"}],"about":[{"href":"https:\/\/lioneletlesautresvictimesdelaroute.fr\/justice\/wp-json\/wp\/v2\/types\/page"}],"author":[{"embeddable":true,"href":"https:\/\/lioneletlesautresvictimesdelaroute.fr\/justice\/wp-json\/wp\/v2\/users\/1"}],"replies":[{"embeddable":true,"href":"https:\/\/lioneletlesautresvictimesdelaroute.fr\/justice\/wp-json\/wp\/v2\/comments?post=31"}],"version-history":[{"count":2,"href":"https:\/\/lioneletlesautresvictimesdelaroute.fr\/justice\/wp-json\/wp\/v2\/pages\/31\/revisions"}],"predecessor-version":[{"id":52756,"href":"https:\/\/lioneletlesautresvictimesdelaroute.fr\/justice\/wp-json\/wp\/v2\/pages\/31\/revisions\/52756"}],"up":[{"embeddable":true,"href":"https:\/\/lioneletlesautresvictimesdelaroute.fr\/justice\/wp-json\/wp\/v2\/pages\/184"}],"wp:attachment":[{"href":"https:\/\/lioneletlesautresvictimesdelaroute.fr\/justice\/wp-json\/wp\/v2\/media?parent=31"}],"wp:term":[{"taxonomy":"category","embeddable":true,"href":"https:\/\/lioneletlesautresvictimesdelaroute.fr\/justice\/wp-json\/wp\/v2\/categories?post=31"},{"taxonomy":"post_tag","embeddable":true,"href":"https:\/\/lioneletlesautresvictimesdelaroute.fr\/justice\/wp-json\/wp\/v2\/tags?post=31"}],"curies":[{"name":"wp","href":"https:\/\/api.w.org\/{rel}","templated":true}]}}