{"id":43360,"date":"2024-09-25T18:19:30","date_gmt":"2024-09-25T16:19:30","guid":{"rendered":"https:\/\/lioneletlesautresvictimesdelaroute.fr\/justice\/?page_id=43360"},"modified":"2024-10-30T08:11:51","modified_gmt":"2024-10-30T07:11:51","slug":"le-cas-de-lionel-mon-fils","status":"publish","type":"page","link":"https:\/\/lioneletlesautresvictimesdelaroute.fr\/justice\/notre-analyse\/les-problemes-rencontres\/le-cas-de-lionel-mon-fils\/","title":{"rendered":"Le cas de LIONEL, mon fils"},"content":{"rendered":"\t\t<div data-elementor-type=\"wp-page\" data-elementor-id=\"43360\" class=\"elementor elementor-43360\" data-elementor-settings=\"{&quot;ha_cmc_init_switcher&quot;:&quot;no&quot;}\">\n\t\t\t\t<div class=\"elementor-element elementor-element-f8dbf92 e-flex e-con-boxed wpr-particle-no wpr-jarallax-no wpr-parallax-no wpr-sticky-section-no wpr-equal-height-no e-con e-parent\" data-id=\"f8dbf92\" data-element_type=\"container\" data-e-type=\"container\" data-settings=\"{&quot;_ha_eqh_enable&quot;:false}\">\n\t\t\t\t\t<div class=\"e-con-inner\">\n\t\t\t\t<div class=\"elementor-element elementor-element-1376136 elementor-widget elementor-widget-heading\" data-id=\"1376136\" data-element_type=\"widget\" data-e-type=\"widget\" data-widget_type=\"heading.default\">\n\t\t\t\t<div class=\"elementor-widget-container\">\n\t\t\t\t\t<h2 class=\"elementor-heading-title elementor-size-default\">Le cas de Lionel<\/h2>\t\t\t\t<\/div>\n\t\t\t\t<\/div>\n\t\t\t\t<div class=\"elementor-element elementor-element-29a2a88 elementor-widget elementor-widget-text-editor\" data-id=\"29a2a88\" data-element_type=\"widget\" data-e-type=\"widget\" data-widget_type=\"text-editor.default\">\n\t\t\t\t<div class=\"elementor-widget-container\">\n\t\t\t\t\t\t\t\t\t<p>Depuis que l\u2019on conna\u00eet la v\u00e9rit\u00e9, plus pr\u00e9cis\u00e9ment une semaine avant le proc\u00e8s, qui a eu lieu le 15 mai 2018 \u00e0 Perpignan, nous sommes accabl\u00e9s de savoir ce qui se passe.<\/p><p>Nous avons entrepris de nombreuses recherches, constitu\u00e9es un dossier, un site \u00ab\u00a0<a href=\"https:\/\/lioneletlesautresvictimesdelaroute.fr\">Lionel et les Autres Victimes de la Route<\/a>\u00ab\u00a0<\/p><p>Nous nous sommes adress\u00e9 \u00e0 de nombreux politiques, mais rien le silence, cela nous irrite, car de trop nombreux \u00e9lus ne nous contactent que lorsqu&rsquo; ils ont besoin de nous : pour\u00a0 &#8230; voter.<\/p><p>Si la chose peut para\u00eetre d\u00e9risoire aux yeux de certains, de notre c\u00f4t\u00e9, elle a plut\u00f4t le don de faire surgir l&rsquo;incompr\u00e9hension, de nous irriter, mais nous ne sommes pas surpris par cela.<\/p><p>C&rsquo;est pourquoi nous avons d\u00e9cid\u00e9 de passer \u00e0 la vitesse sup\u00e9rieure :<br \/><strong>Cr\u00e9ation d\u2019un <a href=\"https:\/\/lioneletlesautresvictimesdelaroute.fr\/justice\">second site<\/a> bas\u00e9 essentiellement sur la Justice<\/strong>, \u00e0 se demander pourquoi elle existe.<\/p><p>Car \u00e0 ce jour, il n\u2019existe rien, comme r\u00e9pr\u00e9hension et les familles n\u2019ont droit qu\u2019au silence et aux mensonges de la part des autorit\u00e9s judiciaires.<\/p><p>Continuer \u00e0 envoyer plus de courriers, mais pas qu\u2019aux \u00e9lus, \u00e0 la presse aux m\u00e9dias \u00e0 qui on va apprendre qu\u2019en France, on br\u00fble des organes humains, ainsi que les syndicats et de nombreuses associations.<\/p><p>Notre but :<\/p><ul><li>Nous faire entendre, m\u00eame si l\u2019association doit aller s\u2019encha\u00eener aux grilles de l\u2019\u00c9lys\u00e9e.<\/li><li>Travailler encore plus avec les r\u00e9seaux sociaux, \u00e0 voir une vid\u00e9o.<\/li><\/ul><p>Tout un travail de communication va se mettre en place pour 2024 \u2013 2025.<\/p>\t\t\t\t\t\t\t\t<\/div>\n\t\t\t\t<\/div>\n\t\t\t\t\t<\/div>\n\t\t\t\t<\/div>\n\t\t\t\t<\/div>\n\t\t","protected":false},"excerpt":{"rendered":"<p>Le cas de Lionel Depuis que l\u2019on conna\u00eet la v\u00e9rit\u00e9, plus pr\u00e9cis\u00e9ment une semaine avant le proc\u00e8s, qui a eu lieu le 15 mai 2018 \u00e0 Perpignan, nous sommes accabl\u00e9s de savoir ce qui se passe. Nous avons entrepris de nombreuses recherches, constitu\u00e9es un dossier, un site \u00ab\u00a0Lionel et les Autres Victimes de la Route\u00ab\u00a0 Nous nous sommes adress\u00e9 \u00e0 de nombreux politiques, mais rien le silence, cela nous irrite, car de trop nombreux \u00e9lus ne nous contactent que lorsqu&rsquo; ils ont besoin de nous : pour\u00a0 &#8230; voter. Si la chose peut para\u00eetre d\u00e9risoire aux yeux de certains, de notre c\u00f4t\u00e9, elle a plut\u00f4t le don de faire surgir l&rsquo;incompr\u00e9hension, de nous irriter, mais nous ne sommes pas surpris par cela. C&rsquo;est pourquoi nous avons d\u00e9cid\u00e9 de passer \u00e0 la vitesse sup\u00e9rieure : Cr\u00e9ation d\u2019un second site bas\u00e9 essentiellement sur la Justice, \u00e0 se demander pourquoi elle existe. Car \u00e0 ce jour, il n\u2019existe rien, comme r\u00e9pr\u00e9hension et les familles n\u2019ont droit qu\u2019au silence et aux mensonges de la part des autorit\u00e9s judiciaires. Continuer \u00e0 envoyer plus de courriers, mais pas qu\u2019aux \u00e9lus, \u00e0 la presse aux m\u00e9dias \u00e0 qui on va apprendre qu\u2019en France, on br\u00fble des organes humains, ainsi que les syndicats et de nombreuses associations. Notre but : Nous faire entendre, m\u00eame si l\u2019association doit aller s\u2019encha\u00eener aux grilles de l\u2019\u00c9lys\u00e9e. Travailler encore plus avec les r\u00e9seaux sociaux, \u00e0 voir une vid\u00e9o. Tout un travail de communication va se mettre en place pour 2024 \u2013 2025.<\/p>\n","protected":false},"author":1,"featured_media":0,"parent":112,"menu_order":0,"comment_status":"closed","ping_status":"closed","template":"","meta":{"_uag_custom_page_level_css":"","sfsi_plus_gutenberg_text_before_share":"","sfsi_plus_gutenberg_show_text_before_share":"","sfsi_plus_gutenberg_icon_type":"","sfsi_plus_gutenberg_icon_alignemt":"","sfsi_plus_gutenburg_max_per_row":"","_lmt_disableupdate":"no","_lmt_disable":"no","_monsterinsights_skip_tracking":false,"_monsterinsights_sitenote_active":false,"_monsterinsights_sitenote_note":"","_monsterinsights_sitenote_category":0,"site-sidebar-layout":"default","site-content-layout":"","ast-site-content-layout":"default","site-content-style":"default","site-sidebar-style":"default","ast-global-header-display":"","ast-banner-title-visibility":"","ast-main-header-display":"","ast-hfb-above-header-display":"","ast-hfb-below-header-display":"","ast-hfb-mobile-header-display":"","site-post-title":"","ast-breadcrumbs-content":"","ast-featured-img":"","footer-sml-layout":"","ast-disable-related-posts":"","theme-transparent-header-meta":"","adv-header-id-meta":"","stick-header-meta":"","header-above-stick-meta":"","header-main-stick-meta":"","header-below-stick-meta":"","astra-migrate-meta-layouts":"default","ast-page-background-enabled":"default","ast-page-background-meta":{"desktop":{"background-color":"var(--ast-global-color-4)","background-image":"","background-repeat":"repeat","background-position":"center center","background-size":"auto","background-attachment":"scroll","background-type":"","background-media":"","overlay-type":"","overlay-color":"","overlay-opacity":"","overlay-gradient":""},"tablet":{"background-color":"","background-image":"","background-repeat":"repeat","background-position":"center center","background-size":"auto","background-attachment":"scroll","background-type":"","background-media":"","overlay-type":"","overlay-color":"","overlay-opacity":"","overlay-gradient":""},"mobile":{"background-color":"","background-image":"","background-repeat":"repeat","background-position":"center center","background-size":"auto","background-attachment":"scroll","background-type":"","background-media":"","overlay-type":"","overlay-color":"","overlay-opacity":"","overlay-gradient":""}},"ast-content-background-meta":{"desktop":{"background-color":"var(--ast-global-color-5)","background-image":"","background-repeat":"repeat","background-position":"center center","background-size":"auto","background-attachment":"scroll","background-type":"","background-media":"","overlay-type":"","overlay-color":"","overlay-opacity":"","overlay-gradient":""},"tablet":{"background-color":"var(--ast-global-color-5)","background-image":"","background-repeat":"repeat","background-position":"center center","background-size":"auto","background-attachment":"scroll","background-type":"","background-media":"","overlay-type":"","overlay-color":"","overlay-opacity":"","overlay-gradient":""},"mobile":{"background-color":"var(--ast-global-color-5)","background-image":"","background-repeat":"repeat","background-position":"center center","background-size":"auto","background-attachment":"scroll","background-type":"","background-media":"","overlay-type":"","overlay-color":"","overlay-opacity":"","overlay-gradient":""}},"iawp_total_views":3,"footnotes":""},"categories":[],"tags":[],"class_list":["post-43360","page","type-page","status-publish","hentry"],"aioseo_notices":[],"uagb_featured_image_src":{"full":false,"thumbnail":false,"medium":false,"medium_large":false,"large":false,"1536x1536":false,"2048x2048":false},"uagb_author_info":{"display_name":"Michel BOUDRY","author_link":"https:\/\/lioneletlesautresvictimesdelaroute.fr\/justice\/author\/wmliojustbdy208\/"},"uagb_comment_info":0,"uagb_excerpt":"Le cas de Lionel Depuis que l\u2019on conna\u00eet la v\u00e9rit\u00e9, plus pr\u00e9cis\u00e9ment une semaine avant le proc\u00e8s, qui a eu lieu le 15 mai 2018 \u00e0 Perpignan, nous sommes accabl\u00e9s de savoir ce qui se passe. Nous avons entrepris de nombreuses recherches, constitu\u00e9es un dossier, un site \u00ab\u00a0Lionel et les Autres Victimes de la Route\u00ab\u00a0\u2026","rttpg_featured_image_url":null,"rttpg_author":{"display_name":"Michel BOUDRY","author_link":"https:\/\/lioneletlesautresvictimesdelaroute.fr\/justice\/author\/wmliojustbdy208\/"},"rttpg_comment":0,"rttpg_category":false,"rttpg_excerpt":"Le cas de Lionel Depuis que l\u2019on conna\u00eet la v\u00e9rit\u00e9, plus pr\u00e9cis\u00e9ment une semaine avant le proc\u00e8s, qui a eu lieu le 15 mai 2018 \u00e0 Perpignan, nous sommes accabl\u00e9s de savoir ce qui se passe. Nous avons entrepris de nombreuses recherches, constitu\u00e9es un dossier, un site \u00ab\u00a0Lionel et les Autres Victimes de la Route\u00ab\u00a0\u2026","_links":{"self":[{"href":"https:\/\/lioneletlesautresvictimesdelaroute.fr\/justice\/wp-json\/wp\/v2\/pages\/43360","targetHints":{"allow":["GET"]}}],"collection":[{"href":"https:\/\/lioneletlesautresvictimesdelaroute.fr\/justice\/wp-json\/wp\/v2\/pages"}],"about":[{"href":"https:\/\/lioneletlesautresvictimesdelaroute.fr\/justice\/wp-json\/wp\/v2\/types\/page"}],"author":[{"embeddable":true,"href":"https:\/\/lioneletlesautresvictimesdelaroute.fr\/justice\/wp-json\/wp\/v2\/users\/1"}],"replies":[{"embeddable":true,"href":"https:\/\/lioneletlesautresvictimesdelaroute.fr\/justice\/wp-json\/wp\/v2\/comments?post=43360"}],"version-history":[{"count":0,"href":"https:\/\/lioneletlesautresvictimesdelaroute.fr\/justice\/wp-json\/wp\/v2\/pages\/43360\/revisions"}],"up":[{"embeddable":true,"href":"https:\/\/lioneletlesautresvictimesdelaroute.fr\/justice\/wp-json\/wp\/v2\/pages\/112"}],"wp:attachment":[{"href":"https:\/\/lioneletlesautresvictimesdelaroute.fr\/justice\/wp-json\/wp\/v2\/media?parent=43360"}],"wp:term":[{"taxonomy":"category","embeddable":true,"href":"https:\/\/lioneletlesautresvictimesdelaroute.fr\/justice\/wp-json\/wp\/v2\/categories?post=43360"},{"taxonomy":"post_tag","embeddable":true,"href":"https:\/\/lioneletlesautresvictimesdelaroute.fr\/justice\/wp-json\/wp\/v2\/tags?post=43360"}],"curies":[{"name":"wp","href":"https:\/\/api.w.org\/{rel}","templated":true}]}}

<div data-elementor-type="wp-page" data-elementor-id="43360" class="elementor elementor-43360" data-elementor-settings="{&quot;ha_cmc_init_switcher&quot;:&quot;no&quot;}">
				<div class="elementor-element elementor-element-f8dbf92 e-flex e-con-boxed wpr-particle-no wpr-jarallax-no wpr-parallax-no wpr-sticky-section-no wpr-equal-height-no e-con e-parent" data-id="f8dbf92" data-element_type="container" data-e-type="container" data-settings="{&quot;_ha_eqh_enable&quot;:false}">
					<div class="e-con-inner">
				<div class="elementor-element elementor-element-1376136 elementor-widget elementor-widget-heading" data-id="1376136" data-element_type="widget" data-e-type="widget" data-widget_type="heading.default">
				<div class="elementor-widget-container">
					<h2 class="elementor-heading-title elementor-size-default">Le cas de Lionel</h2>				</div>
				</div>
				<div class="elementor-element elementor-element-29a2a88 elementor-widget elementor-widget-text-editor" data-id="29a2a88" data-element_type="widget" data-e-type="widget" data-widget_type="text-editor.default">
				<div class="elementor-widget-container">
									<p>Depuis que l’on connaît la vérité, plus précisément une semaine avant le procès, qui a eu lieu le 15 mai 2018 à Perpignan, nous sommes accablés de savoir ce qui se passe.</p><p>Nous avons entrepris de nombreuses recherches, constituées un dossier, un site « <a href="https://lioneletlesautresvictimesdelaroute.fr">Lionel et les Autres Victimes de la Route</a>« </p><p>Nous nous sommes adressé à de nombreux politiques, mais rien le silence, cela nous irrite, car de trop nombreux élus ne nous contactent que lorsqu&rsquo; ils ont besoin de nous : pour  &#8230; voter.</p><p>Si la chose peut paraître dérisoire aux yeux de certains, de notre côté, elle a plutôt le don de faire surgir l&rsquo;incompréhension, de nous irriter, mais nous ne sommes pas surpris par cela.</p><p>C&rsquo;est pourquoi nous avons décidé de passer à la vitesse supérieure :<br /><strong>Création d’un <a href="https://lioneletlesautresvictimesdelaroute.fr/justice">second site</a> basé essentiellement sur la Justice</strong>, à se demander pourquoi elle existe.</p><p>Car à ce jour, il n’existe rien, comme répréhension et les familles n’ont droit qu’au silence et aux mensonges de la part des autorités judiciaires.</p><p>Continuer à envoyer plus de courriers, mais pas qu’aux élus, à la presse aux médias à qui on va apprendre qu’en France, on brûle des organes humains, ainsi que les syndicats et de nombreuses associations.</p><p>Notre but :</p><ul><li>Nous faire entendre, même si l’association doit aller s’enchaîner aux grilles de l’Élysée.</li><li>Travailler encore plus avec les réseaux sociaux, à voir une vidéo.</li></ul><p>Tout un travail de communication va se mettre en place pour 2024 – 2025.</p>								</div>
				</div>
					</div>
				</div>
				</div>

<p>Le cas de Lionel Depuis que l’on connaît la vérité, plus précisément une semaine avant le procès, qui a eu lieu le 15 mai 2018 à Perpignan, nous sommes accablés de savoir ce qui se passe. Nous avons entrepris de nombreuses recherches, constituées un dossier, un site « Lionel et les Autres Victimes de la Route«  Nous nous sommes adressé à de nombreux politiques, mais rien le silence, cela nous irrite, car de trop nombreux élus ne nous contactent que lorsqu&rsquo; ils ont besoin de nous : pour  &#8230; voter. Si la chose peut paraître dérisoire aux yeux de certains, de notre côté, elle a plutôt le don de faire surgir l&rsquo;incompréhension, de nous irriter, mais nous ne sommes pas surpris par cela. C&rsquo;est pourquoi nous avons décidé de passer à la vitesse supérieure : Création d’un second site basé essentiellement sur la Justice, à se demander pourquoi elle existe. Car à ce jour, il n’existe rien, comme répréhension et les familles n’ont droit qu’au silence et aux mensonges de la part des autorités judiciaires. Continuer à envoyer plus de courriers, mais pas qu’aux élus, à la presse aux médias à qui on va apprendre qu’en France, on brûle des organes humains, ainsi que les syndicats et de nombreuses associations. Notre but : Nous faire entendre, même si l’association doit aller s’enchaîner aux grilles de l’Élysée. Travailler encore plus avec les réseaux sociaux, à voir une vidéo. Tout un travail de communication va se mettre en place pour 2024 – 2025.</p>

Le cas de Lionel Depuis que l’on connaît la vérité, plus précisément une semaine avant le procès, qui a eu lieu le 15 mai 2018 à Perpignan, nous sommes accablés de savoir ce qui se passe. Nous avons entrepris de nombreuses recherches, constituées un dossier, un site « Lionel et les Autres Victimes de la Route« …
