{"id":46004,"date":"2024-10-29T21:20:49","date_gmt":"2024-10-29T20:20:49","guid":{"rendered":"https:\/\/lioneletlesautresvictimesdelaroute.fr\/justice\/?page_id=46004"},"modified":"2025-07-22T09:49:06","modified_gmt":"2025-07-22T07:49:06","slug":"quest-ce-que-la-justice","status":"publish","type":"page","link":"https:\/\/lioneletlesautresvictimesdelaroute.fr\/justice\/etat-des-lieux\/definitions\/quest-ce-que-la-justice\/","title":{"rendered":"Qu&rsquo;est ce que la justice ?"},"content":{"rendered":"\t\t<div data-elementor-type=\"wp-page\" data-elementor-id=\"46004\" class=\"elementor elementor-46004\" data-elementor-settings=\"{&quot;ha_cmc_init_switcher&quot;:&quot;no&quot;}\">\n\t\t\t\t<div class=\"elementor-element elementor-element-5659b64 e-con-full e-flex wpr-particle-no wpr-jarallax-no wpr-parallax-no wpr-sticky-section-no wpr-equal-height-no e-con e-parent\" data-id=\"5659b64\" data-element_type=\"container\" data-e-type=\"container\" data-settings=\"{&quot;_ha_eqh_enable&quot;:false}\">\n\t\t\t\t<div class=\"elementor-element elementor-element-7b11f40 elementor-widget elementor-widget-heading\" data-id=\"7b11f40\" data-element_type=\"widget\" data-e-type=\"widget\" data-widget_type=\"heading.default\">\n\t\t\t\t<div class=\"elementor-widget-container\">\n\t\t\t\t\t<h2 class=\"elementor-heading-title elementor-size-default\">Jutitia Jus Juris<\/h2>\t\t\t\t<\/div>\n\t\t\t\t<\/div>\n\t\t\t\t<div class=\"elementor-element elementor-element-2ae14aa elementor-widget elementor-widget-text-editor\" data-id=\"2ae14aa\" data-element_type=\"widget\" data-e-type=\"widget\" data-widget_type=\"text-editor.default\">\n\t\t\t\t<div class=\"elementor-widget-container\">\n\t\t\t\t\t\t\t\t\t<p>Selon l&rsquo;\u00e9tymologie, la racine de ce mot vient du latin \u00ab Justitia \u00bb ayant pour racine \u00ab Jus \u00bb \u00ab Juris \u00bb. <br \/><br \/>Le principe moral qui ordonne la r\u00e9flexion du droit et de l\u00e9galit\u00e9. Une qualit\u00e9 morale dans le respect des droits. Mentionner ce qui est juste ou injuste, condamnable ou pas. <br \/><br \/>Au\u00a0 vue de la d\u00e9finition, toutes les personnes, qui ont \u00ab faut\u00e9 \u00bb, doivent r\u00e9pondre de leurs actes. <br \/><br \/>Qui sont ces personnes fautives, et de quoi ? <br \/><br \/>Qui a cr\u00e9\u00e9 la justice\u00a0? <br \/><br \/>Avant de r\u00e9pondre \u00e0 cette question, quelles sont les symboles de la cette derni\u00e8re. <br \/><br \/>L\u2019ex\u00e9cution des peines est tr\u00e8s variable https:\/\/www.justice.gouv.fr\/sites\/default\/files\/2023-04\/RSJ2021_Chapitre12.pdf<br \/><br \/>Une peine d\u2019emprisonnement ferme sur deux est mise \u00e0 ex\u00e9cution \u00e0 moins de 3,7 mois. <br \/><br \/>Toutefois, ce d\u00e9lai varie en fonction du type de proc\u00e9dures ayant conduit \u00e0 la condamnation. <br \/><br \/>Ainsi, 30 % des peines sont ex\u00e9cut\u00e9es \u00e0 l&rsquo;audience, donc sans d\u00e9lai et dans les autres cas une peine sur deux est ex\u00e9cut\u00e9e \u00e0 moins de 7,4 mois. <br \/>En outre, le d\u00e9lai de mise \u00e0 ex\u00e9cution peut \u00eatre multipli\u00e9 par deux, si le condamn\u00e9 (absent \u00e0 son proc\u00e8s) est recherch\u00e9 par les services de Police ou de Gendarmerie. <br \/>Les peines les plus lourdes sont ex\u00e9cut\u00e9es le plus rapidement et l\u2019am\u00e9nagement de la peine retarde peu la mise \u00e0 ex\u00e9cution. <br \/><br \/>Extrait\u00a0: https:\/\/www.justice.gouv.fr\/documentation\/etudes-et-statistiques\/delais-mise-execution-peines-demprisonnement-ferme<\/p>\t\t\t\t\t\t\t\t<\/div>\n\t\t\t\t<\/div>\n\t\t\t\t<\/div>\n\t\t\t\t<\/div>\n\t\t","protected":false},"excerpt":{"rendered":"<p>Jutitia Jus Juris Selon l&rsquo;\u00e9tymologie, la racine de ce mot vient du latin \u00ab Justitia \u00bb ayant pour racine \u00ab Jus \u00bb \u00ab Juris \u00bb. Le principe moral qui ordonne la r\u00e9flexion du droit et de l\u00e9galit\u00e9. Une qualit\u00e9 morale dans le respect des droits. Mentionner ce qui est juste ou injuste, condamnable ou pas. Au\u00a0 vue de la d\u00e9finition, toutes les personnes, qui ont \u00ab faut\u00e9 \u00bb, doivent r\u00e9pondre de leurs actes. Qui sont ces personnes fautives, et de quoi ? Qui a cr\u00e9\u00e9 la justice\u00a0? Avant de r\u00e9pondre \u00e0 cette question, quelles sont les symboles de la cette derni\u00e8re. L\u2019ex\u00e9cution des peines est tr\u00e8s variable https:\/\/www.justice.gouv.fr\/sites\/default\/files\/2023-04\/RSJ2021_Chapitre12.pdf Une peine d\u2019emprisonnement ferme sur deux est mise \u00e0 ex\u00e9cution \u00e0 moins de 3,7 mois. Toutefois, ce d\u00e9lai varie en fonction du type de proc\u00e9dures ayant conduit \u00e0 la condamnation. Ainsi, 30 % des peines sont ex\u00e9cut\u00e9es \u00e0 l&rsquo;audience, donc sans d\u00e9lai et dans les autres cas une peine sur deux est ex\u00e9cut\u00e9e \u00e0 moins de 7,4 mois. En outre, le d\u00e9lai de mise \u00e0 ex\u00e9cution peut \u00eatre multipli\u00e9 par deux, si le condamn\u00e9 (absent \u00e0 son proc\u00e8s) est recherch\u00e9 par les services de Police ou de Gendarmerie. Les peines les plus lourdes sont ex\u00e9cut\u00e9es le plus rapidement et l\u2019am\u00e9nagement de la peine retarde peu la mise \u00e0 ex\u00e9cution. Extrait\u00a0: https:\/\/www.justice.gouv.fr\/documentation\/etudes-et-statistiques\/delais-mise-execution-peines-demprisonnement-ferme<\/p>\n","protected":false},"author":1,"featured_media":0,"parent":46058,"menu_order":0,"comment_status":"closed","ping_status":"closed","template":"","meta":{"_uag_custom_page_level_css":"","sfsi_plus_gutenberg_text_before_share":"","sfsi_plus_gutenberg_show_text_before_share":"","sfsi_plus_gutenberg_icon_type":"","sfsi_plus_gutenberg_icon_alignemt":"","sfsi_plus_gutenburg_max_per_row":"","_lmt_disableupdate":"no","_lmt_disable":"no","_monsterinsights_skip_tracking":false,"_monsterinsights_sitenote_active":false,"_monsterinsights_sitenote_note":"","_monsterinsights_sitenote_category":0,"site-sidebar-layout":"default","site-content-layout":"","ast-site-content-layout":"default","site-content-style":"default","site-sidebar-style":"default","ast-global-header-display":"","ast-banner-title-visibility":"","ast-main-header-display":"","ast-hfb-above-header-display":"","ast-hfb-below-header-display":"","ast-hfb-mobile-header-display":"","site-post-title":"","ast-breadcrumbs-content":"","ast-featured-img":"","footer-sml-layout":"","ast-disable-related-posts":"","theme-transparent-header-meta":"","adv-header-id-meta":"","stick-header-meta":"","header-above-stick-meta":"","header-main-stick-meta":"","header-below-stick-meta":"","astra-migrate-meta-layouts":"default","ast-page-background-enabled":"default","ast-page-background-meta":{"desktop":{"background-color":"var(--ast-global-color-4)","background-image":"","background-repeat":"repeat","background-position":"center center","background-size":"auto","background-attachment":"scroll","background-type":"","background-media":"","overlay-type":"","overlay-color":"","overlay-opacity":"","overlay-gradient":""},"tablet":{"background-color":"","background-image":"","background-repeat":"repeat","background-position":"center center","background-size":"auto","background-attachment":"scroll","background-type":"","background-media":"","overlay-type":"","overlay-color":"","overlay-opacity":"","overlay-gradient":""},"mobile":{"background-color":"","background-image":"","background-repeat":"repeat","background-position":"center center","background-size":"auto","background-attachment":"scroll","background-type":"","background-media":"","overlay-type":"","overlay-color":"","overlay-opacity":"","overlay-gradient":""}},"ast-content-background-meta":{"desktop":{"background-color":"var(--ast-global-color-5)","background-image":"","background-repeat":"repeat","background-position":"center center","background-size":"auto","background-attachment":"scroll","background-type":"","background-media":"","overlay-type":"","overlay-color":"","overlay-opacity":"","overlay-gradient":""},"tablet":{"background-color":"var(--ast-global-color-5)","background-image":"","background-repeat":"repeat","background-position":"center center","background-size":"auto","background-attachment":"scroll","background-type":"","background-media":"","overlay-type":"","overlay-color":"","overlay-opacity":"","overlay-gradient":""},"mobile":{"background-color":"var(--ast-global-color-5)","background-image":"","background-repeat":"repeat","background-position":"center center","background-size":"auto","background-attachment":"scroll","background-type":"","background-media":"","overlay-type":"","overlay-color":"","overlay-opacity":"","overlay-gradient":""}},"iawp_total_views":0,"footnotes":""},"categories":[],"tags":[],"class_list":["post-46004","page","type-page","status-publish","hentry"],"aioseo_notices":[],"uagb_featured_image_src":{"full":false,"thumbnail":false,"medium":false,"medium_large":false,"large":false,"1536x1536":false,"2048x2048":false},"uagb_author_info":{"display_name":"Michel BOUDRY","author_link":"https:\/\/lioneletlesautresvictimesdelaroute.fr\/justice\/author\/wmliojustbdy208\/"},"uagb_comment_info":0,"uagb_excerpt":"Jutitia Jus Juris Selon l&rsquo;\u00e9tymologie, la racine de ce mot vient du latin \u00ab Justitia \u00bb ayant pour racine \u00ab Jus \u00bb \u00ab Juris \u00bb. Le principe moral qui ordonne la r\u00e9flexion du droit et de l\u00e9galit\u00e9. Une qualit\u00e9 morale dans le respect des droits. Mentionner ce qui est juste ou injuste, condamnable ou pas.\u2026","rttpg_featured_image_url":null,"rttpg_author":{"display_name":"Michel BOUDRY","author_link":"https:\/\/lioneletlesautresvictimesdelaroute.fr\/justice\/author\/wmliojustbdy208\/"},"rttpg_comment":0,"rttpg_category":false,"rttpg_excerpt":"Jutitia Jus Juris Selon l&rsquo;\u00e9tymologie, la racine de ce mot vient du latin \u00ab Justitia \u00bb ayant pour racine \u00ab Jus \u00bb \u00ab Juris \u00bb. Le principe moral qui ordonne la r\u00e9flexion du droit et de l\u00e9galit\u00e9. Une qualit\u00e9 morale dans le respect des droits. Mentionner ce qui est juste ou injuste, condamnable ou pas.\u2026","_links":{"self":[{"href":"https:\/\/lioneletlesautresvictimesdelaroute.fr\/justice\/wp-json\/wp\/v2\/pages\/46004","targetHints":{"allow":["GET"]}}],"collection":[{"href":"https:\/\/lioneletlesautresvictimesdelaroute.fr\/justice\/wp-json\/wp\/v2\/pages"}],"about":[{"href":"https:\/\/lioneletlesautresvictimesdelaroute.fr\/justice\/wp-json\/wp\/v2\/types\/page"}],"author":[{"embeddable":true,"href":"https:\/\/lioneletlesautresvictimesdelaroute.fr\/justice\/wp-json\/wp\/v2\/users\/1"}],"replies":[{"embeddable":true,"href":"https:\/\/lioneletlesautresvictimesdelaroute.fr\/justice\/wp-json\/wp\/v2\/comments?post=46004"}],"version-history":[{"count":2,"href":"https:\/\/lioneletlesautresvictimesdelaroute.fr\/justice\/wp-json\/wp\/v2\/pages\/46004\/revisions"}],"predecessor-version":[{"id":52906,"href":"https:\/\/lioneletlesautresvictimesdelaroute.fr\/justice\/wp-json\/wp\/v2\/pages\/46004\/revisions\/52906"}],"up":[{"embeddable":true,"href":"https:\/\/lioneletlesautresvictimesdelaroute.fr\/justice\/wp-json\/wp\/v2\/pages\/46058"}],"wp:attachment":[{"href":"https:\/\/lioneletlesautresvictimesdelaroute.fr\/justice\/wp-json\/wp\/v2\/media?parent=46004"}],"wp:term":[{"taxonomy":"category","embeddable":true,"href":"https:\/\/lioneletlesautresvictimesdelaroute.fr\/justice\/wp-json\/wp\/v2\/categories?post=46004"},{"taxonomy":"post_tag","embeddable":true,"href":"https:\/\/lioneletlesautresvictimesdelaroute.fr\/justice\/wp-json\/wp\/v2\/tags?post=46004"}],"curies":[{"name":"wp","href":"https:\/\/api.w.org\/{rel}","templated":true}]}}

<div data-elementor-type="wp-page" data-elementor-id="46004" class="elementor elementor-46004" data-elementor-settings="{&quot;ha_cmc_init_switcher&quot;:&quot;no&quot;}">
				<div class="elementor-element elementor-element-5659b64 e-con-full e-flex wpr-particle-no wpr-jarallax-no wpr-parallax-no wpr-sticky-section-no wpr-equal-height-no e-con e-parent" data-id="5659b64" data-element_type="container" data-e-type="container" data-settings="{&quot;_ha_eqh_enable&quot;:false}">
				<div class="elementor-element elementor-element-7b11f40 elementor-widget elementor-widget-heading" data-id="7b11f40" data-element_type="widget" data-e-type="widget" data-widget_type="heading.default">
				<div class="elementor-widget-container">
					<h2 class="elementor-heading-title elementor-size-default">Jutitia Jus Juris</h2>				</div>
				</div>
				<div class="elementor-element elementor-element-2ae14aa elementor-widget elementor-widget-text-editor" data-id="2ae14aa" data-element_type="widget" data-e-type="widget" data-widget_type="text-editor.default">
				<div class="elementor-widget-container">
									<p>Selon l&rsquo;étymologie, la racine de ce mot vient du latin « Justitia » ayant pour racine « Jus » « Juris ». <br /><br />Le principe moral qui ordonne la réflexion du droit et de légalité. Une qualité morale dans le respect des droits. Mentionner ce qui est juste ou injuste, condamnable ou pas. <br /><br />Au  vue de la définition, toutes les personnes, qui ont « fauté », doivent répondre de leurs actes. <br /><br />Qui sont ces personnes fautives, et de quoi ? <br /><br />Qui a créé la justice ? <br /><br />Avant de répondre à cette question, quelles sont les symboles de la cette dernière. <br /><br />L’exécution des peines est très variable https://www.justice.gouv.fr/sites/default/files/2023-04/RSJ2021_Chapitre12.pdf<br /><br />Une peine d’emprisonnement ferme sur deux est mise à exécution à moins de 3,7 mois. <br /><br />Toutefois, ce délai varie en fonction du type de procédures ayant conduit à la condamnation. <br /><br />Ainsi, 30 % des peines sont exécutées à l&rsquo;audience, donc sans délai et dans les autres cas une peine sur deux est exécutée à moins de 7,4 mois. <br />En outre, le délai de mise à exécution peut être multiplié par deux, si le condamné (absent à son procès) est recherché par les services de Police ou de Gendarmerie. <br />Les peines les plus lourdes sont exécutées le plus rapidement et l’aménagement de la peine retarde peu la mise à exécution. <br /><br />Extrait : https://www.justice.gouv.fr/documentation/etudes-et-statistiques/delais-mise-execution-peines-demprisonnement-ferme</p>								</div>
				</div>
				</div>
				</div>

<p>Jutitia Jus Juris Selon l&rsquo;étymologie, la racine de ce mot vient du latin « Justitia » ayant pour racine « Jus » « Juris ». Le principe moral qui ordonne la réflexion du droit et de légalité. Une qualité morale dans le respect des droits. Mentionner ce qui est juste ou injuste, condamnable ou pas. Au  vue de la définition, toutes les personnes, qui ont « fauté », doivent répondre de leurs actes. Qui sont ces personnes fautives, et de quoi ? Qui a créé la justice ? Avant de répondre à cette question, quelles sont les symboles de la cette dernière. L’exécution des peines est très variable https://www.justice.gouv.fr/sites/default/files/2023-04/RSJ2021_Chapitre12.pdf Une peine d’emprisonnement ferme sur deux est mise à exécution à moins de 3,7 mois. Toutefois, ce délai varie en fonction du type de procédures ayant conduit à la condamnation. Ainsi, 30 % des peines sont exécutées à l&rsquo;audience, donc sans délai et dans les autres cas une peine sur deux est exécutée à moins de 7,4 mois. En outre, le délai de mise à exécution peut être multiplié par deux, si le condamné (absent à son procès) est recherché par les services de Police ou de Gendarmerie. Les peines les plus lourdes sont exécutées le plus rapidement et l’aménagement de la peine retarde peu la mise à exécution. Extrait : https://www.justice.gouv.fr/documentation/etudes-et-statistiques/delais-mise-execution-peines-demprisonnement-ferme</p>

Jutitia Jus Juris Selon l&rsquo;étymologie, la racine de ce mot vient du latin « Justitia » ayant pour racine « Jus » « Juris ». Le principe moral qui ordonne la réflexion du droit et de légalité. Une qualité morale dans le respect des droits. Mentionner ce qui est juste ou injuste, condamnable ou pas.…
