{"id":46124,"date":"2024-10-29T22:58:37","date_gmt":"2024-10-29T21:58:37","guid":{"rendered":"https:\/\/lioneletlesautresvictimesdelaroute.fr\/justice\/?page_id=46124"},"modified":"2025-07-22T10:27:06","modified_gmt":"2025-07-22T08:27:06","slug":"laxisme-de-la-justice","status":"publish","type":"page","link":"https:\/\/lioneletlesautresvictimesdelaroute.fr\/justice\/laxisme-de-la-justice\/","title":{"rendered":"Laxisme de la Justice"},"content":{"rendered":"\t\t<div data-elementor-type=\"wp-page\" data-elementor-id=\"46124\" class=\"elementor elementor-46124\" data-elementor-settings=\"{&quot;ha_cmc_init_switcher&quot;:&quot;no&quot;}\">\n\t\t\t\t<div class=\"elementor-element elementor-element-cadb15e e-con-full e-flex wpr-particle-no wpr-jarallax-no wpr-parallax-no wpr-sticky-section-no wpr-equal-height-no e-con e-parent\" data-id=\"cadb15e\" data-element_type=\"container\" data-e-type=\"container\" data-settings=\"{&quot;_ha_eqh_enable&quot;:false}\">\n\t\t\t\t<div class=\"elementor-element elementor-element-0a5c6aa elementor-widget elementor-widget-text-editor\" data-id=\"0a5c6aa\" data-element_type=\"widget\" data-e-type=\"widget\" data-widget_type=\"text-editor.default\">\n\t\t\t\t<div class=\"elementor-widget-container\">\n\t\t\t\t\t\t\t\t\t<p>Th\u00e9oriquement, dans le milieu judiciaire, il ne devrait pas avoir de politique pour l\u2019application des sanctions p\u00e9nales et bien OUI ; les deux sont en liens.<br \/><br \/>Pourquoi cette ins\u00e9curit\u00e9 augmente ? <br \/>Parce qu\u2019il y a aussi le laxisme judiciaire.<br \/><br \/>Lors d\u2019une comparution imm\u00e9diate, pour des faits pour presque toutes les infractions \u00e9tablies et qu\u2019on a des peines extr\u00eamement cl\u00e9mentes. <br \/><br \/>La justice va \u00ab \u00e9plucher \u00bb le dossier pour trouver des circonstances att\u00e9nuantes. <br \/><br \/>Il y a un moment, quand on donne des peines qui sont trop faibles \u00e0 mon sens. Il ne faut pas s\u2019\u00e9tonner de la hausse de la violence globale. <br \/>Je pense que les conditions de d\u00e9tention en France ne sont pas assez s\u00e9v\u00e8res puisque \u00e7a ne les g\u00eane pas de revenir en comparution imm\u00e9diate. <br \/><br \/>Ces voyous ont un casier judiciaire important, mais rien n\u2019agit sur eux \u00e0 croire qu\u2019il ne mesure pas la cruaut\u00e9 humaine qu\u2019il d\u00e9cha\u00eene envers leurs victimes. <br \/><br \/>Si les prisons \u00e9tait plus dures, je pense qu\u2019ils ne recommenceraient pas \u00bb.<\/p>\t\t\t\t\t\t\t\t<\/div>\n\t\t\t\t<\/div>\n\t\t\t\t<\/div>\n\t\t\t\t<\/div>\n\t\t","protected":false},"excerpt":{"rendered":"<p>Th\u00e9oriquement, dans le milieu judiciaire, il ne devrait pas avoir de politique pour l\u2019application des sanctions p\u00e9nales et bien OUI ; les deux sont en liens. Pourquoi cette ins\u00e9curit\u00e9 augmente ? Parce qu\u2019il y a aussi le laxisme judiciaire. Lors d\u2019une comparution imm\u00e9diate, pour des faits pour presque toutes les infractions \u00e9tablies et qu\u2019on a des peines extr\u00eamement cl\u00e9mentes. La justice va \u00ab \u00e9plucher \u00bb le dossier pour trouver des circonstances att\u00e9nuantes. Il y a un moment, quand on donne des peines qui sont trop faibles \u00e0 mon sens. Il ne faut pas s\u2019\u00e9tonner de la hausse de la violence globale. Je pense que les conditions de d\u00e9tention en France ne sont pas assez s\u00e9v\u00e8res puisque \u00e7a ne les g\u00eane pas de revenir en comparution imm\u00e9diate. Ces voyous ont un casier judiciaire important, mais rien n\u2019agit sur eux \u00e0 croire qu\u2019il ne mesure pas la cruaut\u00e9 humaine qu\u2019il d\u00e9cha\u00eene envers leurs victimes. Si les prisons \u00e9tait plus dures, je pense qu\u2019ils ne recommenceraient pas \u00bb.<\/p>\n","protected":false},"author":1,"featured_media":0,"parent":0,"menu_order":0,"comment_status":"closed","ping_status":"closed","template":"","meta":{"_uag_custom_page_level_css":"","sfsi_plus_gutenberg_text_before_share":"","sfsi_plus_gutenberg_show_text_before_share":"","sfsi_plus_gutenberg_icon_type":"","sfsi_plus_gutenberg_icon_alignemt":"","sfsi_plus_gutenburg_max_per_row":"","_lmt_disableupdate":"","_lmt_disable":"","_monsterinsights_skip_tracking":false,"_monsterinsights_sitenote_active":false,"_monsterinsights_sitenote_note":"","_monsterinsights_sitenote_category":0,"site-sidebar-layout":"default","site-content-layout":"","ast-site-content-layout":"default","site-content-style":"default","site-sidebar-style":"default","ast-global-header-display":"","ast-banner-title-visibility":"","ast-main-header-display":"","ast-hfb-above-header-display":"","ast-hfb-below-header-display":"","ast-hfb-mobile-header-display":"","site-post-title":"","ast-breadcrumbs-content":"","ast-featured-img":"","footer-sml-layout":"","ast-disable-related-posts":"","theme-transparent-header-meta":"","adv-header-id-meta":"","stick-header-meta":"","header-above-stick-meta":"","header-main-stick-meta":"","header-below-stick-meta":"","astra-migrate-meta-layouts":"default","ast-page-background-enabled":"default","ast-page-background-meta":{"desktop":{"background-color":"var(--ast-global-color-4)","background-image":"","background-repeat":"repeat","background-position":"center center","background-size":"auto","background-attachment":"scroll","background-type":"","background-media":"","overlay-type":"","overlay-color":"","overlay-opacity":"","overlay-gradient":""},"tablet":{"background-color":"","background-image":"","background-repeat":"repeat","background-position":"center center","background-size":"auto","background-attachment":"scroll","background-type":"","background-media":"","overlay-type":"","overlay-color":"","overlay-opacity":"","overlay-gradient":""},"mobile":{"background-color":"","background-image":"","background-repeat":"repeat","background-position":"center center","background-size":"auto","background-attachment":"scroll","background-type":"","background-media":"","overlay-type":"","overlay-color":"","overlay-opacity":"","overlay-gradient":""}},"ast-content-background-meta":{"desktop":{"background-color":"var(--ast-global-color-5)","background-image":"","background-repeat":"repeat","background-position":"center center","background-size":"auto","background-attachment":"scroll","background-type":"","background-media":"","overlay-type":"","overlay-color":"","overlay-opacity":"","overlay-gradient":""},"tablet":{"background-color":"var(--ast-global-color-5)","background-image":"","background-repeat":"repeat","background-position":"center center","background-size":"auto","background-attachment":"scroll","background-type":"","background-media":"","overlay-type":"","overlay-color":"","overlay-opacity":"","overlay-gradient":""},"mobile":{"background-color":"var(--ast-global-color-5)","background-image":"","background-repeat":"repeat","background-position":"center center","background-size":"auto","background-attachment":"scroll","background-type":"","background-media":"","overlay-type":"","overlay-color":"","overlay-opacity":"","overlay-gradient":""}},"iawp_total_views":0,"footnotes":""},"categories":[],"tags":[],"class_list":["post-46124","page","type-page","status-publish","hentry"],"aioseo_notices":[],"uagb_featured_image_src":{"full":false,"thumbnail":false,"medium":false,"medium_large":false,"large":false,"1536x1536":false,"2048x2048":false},"uagb_author_info":{"display_name":"Michel BOUDRY","author_link":"https:\/\/lioneletlesautresvictimesdelaroute.fr\/justice\/author\/wmliojustbdy208\/"},"uagb_comment_info":0,"uagb_excerpt":"Th\u00e9oriquement, dans le milieu judiciaire, il ne devrait pas avoir de politique pour l\u2019application des sanctions p\u00e9nales et bien OUI ; les deux sont en liens. Pourquoi cette ins\u00e9curit\u00e9 augmente ? Parce qu\u2019il y a aussi le laxisme judiciaire. Lors d\u2019une comparution imm\u00e9diate, pour des faits pour presque toutes les infractions \u00e9tablies et qu\u2019on a\u2026","rttpg_featured_image_url":null,"rttpg_author":{"display_name":"Michel BOUDRY","author_link":"https:\/\/lioneletlesautresvictimesdelaroute.fr\/justice\/author\/wmliojustbdy208\/"},"rttpg_comment":0,"rttpg_category":false,"rttpg_excerpt":"Th\u00e9oriquement, dans le milieu judiciaire, il ne devrait pas avoir de politique pour l\u2019application des sanctions p\u00e9nales et bien OUI ; les deux sont en liens. Pourquoi cette ins\u00e9curit\u00e9 augmente ? Parce qu\u2019il y a aussi le laxisme judiciaire. Lors d\u2019une comparution imm\u00e9diate, pour des faits pour presque toutes les infractions \u00e9tablies et qu\u2019on a\u2026","_links":{"self":[{"href":"https:\/\/lioneletlesautresvictimesdelaroute.fr\/justice\/wp-json\/wp\/v2\/pages\/46124","targetHints":{"allow":["GET"]}}],"collection":[{"href":"https:\/\/lioneletlesautresvictimesdelaroute.fr\/justice\/wp-json\/wp\/v2\/pages"}],"about":[{"href":"https:\/\/lioneletlesautresvictimesdelaroute.fr\/justice\/wp-json\/wp\/v2\/types\/page"}],"author":[{"embeddable":true,"href":"https:\/\/lioneletlesautresvictimesdelaroute.fr\/justice\/wp-json\/wp\/v2\/users\/1"}],"replies":[{"embeddable":true,"href":"https:\/\/lioneletlesautresvictimesdelaroute.fr\/justice\/wp-json\/wp\/v2\/comments?post=46124"}],"version-history":[{"count":2,"href":"https:\/\/lioneletlesautresvictimesdelaroute.fr\/justice\/wp-json\/wp\/v2\/pages\/46124\/revisions"}],"predecessor-version":[{"id":52996,"href":"https:\/\/lioneletlesautresvictimesdelaroute.fr\/justice\/wp-json\/wp\/v2\/pages\/46124\/revisions\/52996"}],"wp:attachment":[{"href":"https:\/\/lioneletlesautresvictimesdelaroute.fr\/justice\/wp-json\/wp\/v2\/media?parent=46124"}],"wp:term":[{"taxonomy":"category","embeddable":true,"href":"https:\/\/lioneletlesautresvictimesdelaroute.fr\/justice\/wp-json\/wp\/v2\/categories?post=46124"},{"taxonomy":"post_tag","embeddable":true,"href":"https:\/\/lioneletlesautresvictimesdelaroute.fr\/justice\/wp-json\/wp\/v2\/tags?post=46124"}],"curies":[{"name":"wp","href":"https:\/\/api.w.org\/{rel}","templated":true}]}}

<div data-elementor-type="wp-page" data-elementor-id="46124" class="elementor elementor-46124" data-elementor-settings="{&quot;ha_cmc_init_switcher&quot;:&quot;no&quot;}">
				<div class="elementor-element elementor-element-cadb15e e-con-full e-flex wpr-particle-no wpr-jarallax-no wpr-parallax-no wpr-sticky-section-no wpr-equal-height-no e-con e-parent" data-id="cadb15e" data-element_type="container" data-e-type="container" data-settings="{&quot;_ha_eqh_enable&quot;:false}">
				<div class="elementor-element elementor-element-0a5c6aa elementor-widget elementor-widget-text-editor" data-id="0a5c6aa" data-element_type="widget" data-e-type="widget" data-widget_type="text-editor.default">
				<div class="elementor-widget-container">
									<p>Théoriquement, dans le milieu judiciaire, il ne devrait pas avoir de politique pour l’application des sanctions pénales et bien OUI ; les deux sont en liens.<br /><br />Pourquoi cette insécurité augmente ? <br />Parce qu’il y a aussi le laxisme judiciaire.<br /><br />Lors d’une comparution immédiate, pour des faits pour presque toutes les infractions établies et qu’on a des peines extrêmement clémentes. <br /><br />La justice va « éplucher » le dossier pour trouver des circonstances atténuantes. <br /><br />Il y a un moment, quand on donne des peines qui sont trop faibles à mon sens. Il ne faut pas s’étonner de la hausse de la violence globale. <br />Je pense que les conditions de détention en France ne sont pas assez sévères puisque ça ne les gêne pas de revenir en comparution immédiate. <br /><br />Ces voyous ont un casier judiciaire important, mais rien n’agit sur eux à croire qu’il ne mesure pas la cruauté humaine qu’il déchaîne envers leurs victimes. <br /><br />Si les prisons était plus dures, je pense qu’ils ne recommenceraient pas ».</p>								</div>
				</div>
				</div>
				</div>

<p>Théoriquement, dans le milieu judiciaire, il ne devrait pas avoir de politique pour l’application des sanctions pénales et bien OUI ; les deux sont en liens. Pourquoi cette insécurité augmente ? Parce qu’il y a aussi le laxisme judiciaire. Lors d’une comparution immédiate, pour des faits pour presque toutes les infractions établies et qu’on a des peines extrêmement clémentes. La justice va « éplucher » le dossier pour trouver des circonstances atténuantes. Il y a un moment, quand on donne des peines qui sont trop faibles à mon sens. Il ne faut pas s’étonner de la hausse de la violence globale. Je pense que les conditions de détention en France ne sont pas assez sévères puisque ça ne les gêne pas de revenir en comparution immédiate. Ces voyous ont un casier judiciaire important, mais rien n’agit sur eux à croire qu’il ne mesure pas la cruauté humaine qu’il déchaîne envers leurs victimes. Si les prisons était plus dures, je pense qu’ils ne recommenceraient pas ».</p>

Théoriquement, dans le milieu judiciaire, il ne devrait pas avoir de politique pour l’application des sanctions pénales et bien OUI ; les deux sont en liens. Pourquoi cette insécurité augmente ? Parce qu’il y a aussi le laxisme judiciaire. Lors d’une comparution immédiate, pour des faits pour presque toutes les infractions établies et qu’on a…
