{"id":50892,"date":"2025-05-08T17:20:07","date_gmt":"2025-05-08T15:20:07","guid":{"rendered":"https:\/\/lioneletlesautresvictimesdelaroute.fr\/justice\/?page_id=50892"},"modified":"2025-12-29T14:15:32","modified_gmt":"2025-12-29T13:15:32","slug":"je-ne-suis-pas-la-seule-a-avoir-a-survivre-a-ce-type-de-deces","status":"publish","type":"page","link":"https:\/\/lioneletlesautresvictimesdelaroute.fr\/justice\/accueil\/je-ne-suis-pas-la-seule-a-avoir-a-survivre-a-ce-type-de-deces\/","title":{"rendered":"Je ne suis pas la seule \u00e0 avoir \u00e0 survivre \u00e0 ce type de d\u00e9c\u00e8s !"},"content":{"rendered":"\t\t<div data-elementor-type=\"wp-page\" data-elementor-id=\"50892\" class=\"elementor elementor-50892\" data-elementor-settings=\"{&quot;ha_cmc_init_switcher&quot;:&quot;no&quot;}\">\n\t\t\t\t<div class=\"elementor-element elementor-element-4272954 e-flex e-con-boxed wpr-particle-no wpr-jarallax-no wpr-parallax-no wpr-sticky-section-no wpr-equal-height-no e-con e-parent\" data-id=\"4272954\" data-element_type=\"container\" data-e-type=\"container\" data-settings=\"{&quot;_ha_eqh_enable&quot;:false}\">\n\t\t\t\t\t<div class=\"e-con-inner\">\n\t\t\t\t<div class=\"elementor-element elementor-element-5cada2e elementor-widget elementor-widget-heading\" data-id=\"5cada2e\" data-element_type=\"widget\" data-e-type=\"widget\" data-widget_type=\"heading.default\">\n\t\t\t\t<div class=\"elementor-widget-container\">\n\t\t\t\t\t<h2 class=\"elementor-heading-title elementor-size-default\">Reportages TV et Publications r\u00e9seaux sociaux <\/h2>\t\t\t\t<\/div>\n\t\t\t\t<\/div>\n\t\t\t\t<div class=\"elementor-element elementor-element-d91fb2b elementor-widget elementor-widget-spacer\" data-id=\"d91fb2b\" data-element_type=\"widget\" data-e-type=\"widget\" data-widget_type=\"spacer.default\">\n\t\t\t\t<div class=\"elementor-widget-container\">\n\t\t\t\t\t\t\t<div class=\"elementor-spacer\">\n\t\t\t<div class=\"elementor-spacer-inner\"><\/div>\n\t\t<\/div>\n\t\t\t\t\t\t<\/div>\n\t\t\t\t<\/div>\n\t\t\t\t<div class=\"elementor-element elementor-element-faf984b elementor-widget elementor-widget-text-editor\" data-id=\"faf984b\" data-element_type=\"widget\" data-e-type=\"widget\" data-widget_type=\"text-editor.default\">\n\t\t\t\t<div class=\"elementor-widget-container\">\n\t\t\t\t\t\t\t\t\t<p><strong>Reportages TF1<\/strong><\/p><ul><li>Mon t\u00e9moignage concernant les autopsies judiciaires apr\u00e8s le d\u00e9c\u00e8s d&rsquo;un proche.\u00a0<ul><li style=\"list-style-type: none;\"><ul><li style=\"list-style-type: none;\"><ul><li style=\"list-style-type: none;\"><ul><li style=\"list-style-type: none;\"><ul><li style=\"list-style-type: none;\"><ul><li style=\"list-style-type: none;\"><ul><li style=\"list-style-type: none;\"><ul><li style=\"list-style-type: none;\"><ul><li style=\"list-style-type: none;\"><ul><li><a href=\"https:\/\/www.youtube.com\/watch?v=MKNkE8JowW4\">Voir ce reportage<\/a>\u00a0<\/li><\/ul><\/li><\/ul><\/li><\/ul><\/li><\/ul><\/li><\/ul><\/li><\/ul><\/li><\/ul><\/li><\/ul><\/li><\/ul><\/li><\/ul><\/li><li><p class=\"jsx-1721971818 Title \" data-testid=\"article-title\">\u00ab\u00a0Il a tu\u00e9 mon fils\u00a0\u00bb : le combat des parents d&rsquo;Axel, tu\u00e9 par un chauffard ivre, pour faire reconna\u00eetre l&rsquo;homicide routier<\/p><ul><li style=\"list-style-type: none;\"><ul><li style=\"list-style-type: none;\"><ul><li style=\"list-style-type: none;\"><ul><li style=\"list-style-type: none;\"><ul><li style=\"list-style-type: none;\"><ul><li style=\"list-style-type: none;\"><ul><li style=\"list-style-type: none;\"><ul><li style=\"list-style-type: none;\"><ul><li style=\"list-style-type: none;\"><ul><li><a href=\"https:\/\/www.tf1info.fr\/justice-faits-divers\/video-il-a-tue-mon-fils-le-combat-des-parents-d-axel-tue-par-un-chauffard-ivre-pour-faire-reconnaitre-l-homicide-routier-2360374.html\">Voir ce reportage<\/a> <br \/>( <span class=\"jsx-3130175269 Container\" data-module=\"article-header-video\">Publi\u00e9 le 20 mars 2025 \u00e0 7h30)<br \/><\/span><\/li><\/ul><\/li><\/ul><\/li><\/ul><\/li><\/ul><\/li><\/ul><\/li><\/ul><\/li><\/ul><\/li><\/ul><\/li><\/ul><\/li><\/ul><\/li><li><p class=\"headline-4 text-white\">Homicide routier : sept ans de prison et des questions<\/p><ul><li style=\"list-style-type: none;\"><ul><li style=\"list-style-type: none;\"><ul><li style=\"list-style-type: none;\"><ul><li style=\"list-style-type: none;\"><ul><li style=\"list-style-type: none;\"><ul><li style=\"list-style-type: none;\"><ul><li style=\"list-style-type: none;\"><ul><li style=\"list-style-type: none;\"><ul><li style=\"list-style-type: none;\"><ul><li>\u00a0<a href=\"https:\/\/www.tf1info.fr\/justice-faits-divers\/videos\/video-mort-d-antoine-alleno-l-homicide-routier-au-coeur-du-proces-3193-2331492.html\">Voir ce reportage<\/a> <br \/>(Publi\u00e9 le 29 nov. 2024 \u00e0 07:19<\/li><\/ul><\/li><\/ul><\/li><\/ul><\/li><\/ul><\/li><\/ul><\/li><\/ul><\/li><\/ul><\/li><\/ul><\/li><\/ul><\/li><\/ul><\/li><\/ul>\t\t\t\t\t\t\t\t<\/div>\n\t\t\t\t<\/div>\n\t\t\t\t<div class=\"elementor-element elementor-element-a188aa2 elementor-widget elementor-widget-spacer\" data-id=\"a188aa2\" data-element_type=\"widget\" data-e-type=\"widget\" data-widget_type=\"spacer.default\">\n\t\t\t\t<div class=\"elementor-widget-container\">\n\t\t\t\t\t\t\t<div class=\"elementor-spacer\">\n\t\t\t<div class=\"elementor-spacer-inner\"><\/div>\n\t\t<\/div>\n\t\t\t\t\t\t<\/div>\n\t\t\t\t<\/div>\n\t\t\t\t<div class=\"elementor-element elementor-element-a7676c6 elementor-widget elementor-widget-text-editor\" data-id=\"a7676c6\" data-element_type=\"widget\" data-e-type=\"widget\" data-widget_type=\"text-editor.default\">\n\t\t\t\t<div class=\"elementor-widget-container\">\n\t\t\t\t\t\t\t\t\t<strong>TikTok<\/strong>\n<ul>\n \t<li>\u00ab\u00a0Il a tu\u00e9 mon fils\u00a0\u00bb\n\n<ul>\n \t<li style=\"list-style-type: none;\">\n<ul>\n \t<li style=\"list-style-type: none;\">\n<ul>\n \t<li style=\"list-style-type: none;\">\n<ul>\n \t<li style=\"list-style-type: none;\">\n<ul>\n \t<li style=\"list-style-type: none;\">\n<ul>\n \t<li style=\"list-style-type: none;\">\n<ul>\n \t<li style=\"list-style-type: none;\">\n<ul>\n \t<li style=\"list-style-type: none;\">\n<ul>\n \t<li style=\"list-style-type: none;\">\n<ul>\n \t<li><a href=\"https:\/\/www.tiktok.com\/@tf1info\/video\/7483885723528072470?is_from_webapp=1\">Voir cet article TikTok<\/a><\/li>\n \t<li><a href=\"https:\/\/www.tiktok.com\/@m6officiel\/video\/7489445284276194582?q=homicide%20routier&amp;t=1746720519924\">Voir un autre article TikTok<\/a><\/li>\n \t<li><a href=\"https:\/\/www.tiktok.com\/@tf1info\/video\/7483885723528072470?q=homicide%20routier&amp;t=1746720665873\">Voir un autre article TikTok<\/a><\/li>\n<\/ul>\n<\/li>\n<\/ul>\n<\/li>\n<\/ul>\n<\/li>\n<\/ul>\n<\/li>\n<\/ul>\n<\/li>\n<\/ul>\n<\/li>\n<\/ul>\n<\/li>\n<\/ul>\n<\/li>\n<\/ul>\n<\/li>\n<\/ul>\n<\/li>\n<\/ul>\n<\/li>\n<\/ul>\t\t\t\t\t\t\t\t<\/div>\n\t\t\t\t<\/div>\n\t\t\t\t<div class=\"elementor-element elementor-element-4cfb5f8 elementor-widget elementor-widget-spacer\" data-id=\"4cfb5f8\" data-element_type=\"widget\" data-e-type=\"widget\" data-widget_type=\"spacer.default\">\n\t\t\t\t<div class=\"elementor-widget-container\">\n\t\t\t\t\t\t\t<div class=\"elementor-spacer\">\n\t\t\t<div class=\"elementor-spacer-inner\"><\/div>\n\t\t<\/div>\n\t\t\t\t\t\t<\/div>\n\t\t\t\t<\/div>\n\t\t\t\t\t<\/div>\n\t\t\t\t<\/div>\n\t\t\t\t<\/div>\n\t\t","protected":false},"excerpt":{"rendered":"<p>Reportages TV et Publications r\u00e9seaux sociaux Reportages TF1 Mon t\u00e9moignage concernant les autopsies judiciaires apr\u00e8s le d\u00e9c\u00e8s d&rsquo;un proche. Voir ce reportage \u00ab\u00a0Il a tu\u00e9 mon fils\u00a0\u00bb : le combat des parents d&rsquo;Axel, tu\u00e9 par un chauffard ivre, pour faire reconna\u00eetre l&rsquo;homicide routier Voir ce reportage ( Publi\u00e9 le 20 mars 2025 \u00e0 7h30) Homicide routier : sept ans de prison et des questions \u00a0Voir ce reportage (Publi\u00e9 le 29 nov. 2024 \u00e0 07:19 TikTok \u00ab\u00a0Il a tu\u00e9 mon fils\u00a0\u00bb Voir cet article TikTok Voir un autre article TikTok Voir un autre article TikTok<\/p>\n","protected":false},"author":1,"featured_media":0,"parent":43196,"menu_order":0,"comment_status":"closed","ping_status":"closed","template":"","meta":{"_uag_custom_page_level_css":"","sfsi_plus_gutenberg_text_before_share":"","sfsi_plus_gutenberg_show_text_before_share":"","sfsi_plus_gutenberg_icon_type":"","sfsi_plus_gutenberg_icon_alignemt":"","sfsi_plus_gutenburg_max_per_row":"","_lmt_disableupdate":"no","_lmt_disable":"no","_monsterinsights_skip_tracking":false,"_monsterinsights_sitenote_active":false,"_monsterinsights_sitenote_note":"","_monsterinsights_sitenote_category":0,"site-sidebar-layout":"right-sidebar","site-content-layout":"","ast-site-content-layout":"default","site-content-style":"default","site-sidebar-style":"default","ast-global-header-display":"","ast-banner-title-visibility":"","ast-main-header-display":"","ast-hfb-above-header-display":"","ast-hfb-below-header-display":"","ast-hfb-mobile-header-display":"","site-post-title":"","ast-breadcrumbs-content":"","ast-featured-img":"","footer-sml-layout":"","ast-disable-related-posts":"","theme-transparent-header-meta":"default","adv-header-id-meta":"","stick-header-meta":"","header-above-stick-meta":"","header-main-stick-meta":"","header-below-stick-meta":"","astra-migrate-meta-layouts":"set","ast-page-background-enabled":"default","ast-page-background-meta":{"desktop":{"background-color":"var(--ast-global-color-4)","background-image":"","background-repeat":"repeat","background-position":"center center","background-size":"auto","background-attachment":"scroll","background-type":"","background-media":"","overlay-type":"","overlay-color":"","overlay-opacity":"","overlay-gradient":""},"tablet":{"background-color":"","background-image":"","background-repeat":"repeat","background-position":"center center","background-size":"auto","background-attachment":"scroll","background-type":"","background-media":"","overlay-type":"","overlay-color":"","overlay-opacity":"","overlay-gradient":""},"mobile":{"background-color":"","background-image":"","background-repeat":"repeat","background-position":"center center","background-size":"auto","background-attachment":"scroll","background-type":"","background-media":"","overlay-type":"","overlay-color":"","overlay-opacity":"","overlay-gradient":""}},"ast-content-background-meta":{"desktop":{"background-color":"var(--ast-global-color-5)","background-image":"","background-repeat":"repeat","background-position":"center center","background-size":"auto","background-attachment":"scroll","background-type":"","background-media":"","overlay-type":"","overlay-color":"","overlay-opacity":"","overlay-gradient":""},"tablet":{"background-color":"var(--ast-global-color-5)","background-image":"","background-repeat":"repeat","background-position":"center center","background-size":"auto","background-attachment":"scroll","background-type":"","background-media":"","overlay-type":"","overlay-color":"","overlay-opacity":"","overlay-gradient":""},"mobile":{"background-color":"var(--ast-global-color-5)","background-image":"","background-repeat":"repeat","background-position":"center center","background-size":"auto","background-attachment":"scroll","background-type":"","background-media":"","overlay-type":"","overlay-color":"","overlay-opacity":"","overlay-gradient":""}},"iawp_total_views":6,"footnotes":""},"categories":[],"tags":[],"class_list":["post-50892","page","type-page","status-publish","hentry"],"aioseo_notices":[],"uagb_featured_image_src":{"full":false,"thumbnail":false,"medium":false,"medium_large":false,"large":false,"1536x1536":false,"2048x2048":false},"uagb_author_info":{"display_name":"Michel BOUDRY","author_link":"https:\/\/lioneletlesautresvictimesdelaroute.fr\/justice\/author\/wmliojustbdy208\/"},"uagb_comment_info":0,"uagb_excerpt":"Reportages TV et Publications r\u00e9seaux sociaux Reportages TF1 Mon t\u00e9moignage concernant les autopsies judiciaires apr\u00e8s le d\u00e9c\u00e8s d&rsquo;un proche. Voir ce reportage \u00ab\u00a0Il a tu\u00e9 mon fils\u00a0\u00bb : le combat des parents d&rsquo;Axel, tu\u00e9 par un chauffard ivre, pour faire reconna\u00eetre l&rsquo;homicide routier Voir ce reportage ( Publi\u00e9 le 20 mars 2025 \u00e0 7h30) Homicide\u2026","rttpg_featured_image_url":null,"rttpg_author":{"display_name":"Michel BOUDRY","author_link":"https:\/\/lioneletlesautresvictimesdelaroute.fr\/justice\/author\/wmliojustbdy208\/"},"rttpg_comment":0,"rttpg_category":false,"rttpg_excerpt":"Reportages TV et Publications r\u00e9seaux sociaux Reportages TF1 Mon t\u00e9moignage concernant les autopsies judiciaires apr\u00e8s le d\u00e9c\u00e8s d&rsquo;un proche. Voir ce reportage \u00ab\u00a0Il a tu\u00e9 mon fils\u00a0\u00bb : le combat des parents d&rsquo;Axel, tu\u00e9 par un chauffard ivre, pour faire reconna\u00eetre l&rsquo;homicide routier Voir ce reportage ( Publi\u00e9 le 20 mars 2025 \u00e0 7h30) Homicide\u2026","_links":{"self":[{"href":"https:\/\/lioneletlesautresvictimesdelaroute.fr\/justice\/wp-json\/wp\/v2\/pages\/50892","targetHints":{"allow":["GET"]}}],"collection":[{"href":"https:\/\/lioneletlesautresvictimesdelaroute.fr\/justice\/wp-json\/wp\/v2\/pages"}],"about":[{"href":"https:\/\/lioneletlesautresvictimesdelaroute.fr\/justice\/wp-json\/wp\/v2\/types\/page"}],"author":[{"embeddable":true,"href":"https:\/\/lioneletlesautresvictimesdelaroute.fr\/justice\/wp-json\/wp\/v2\/users\/1"}],"replies":[{"embeddable":true,"href":"https:\/\/lioneletlesautresvictimesdelaroute.fr\/justice\/wp-json\/wp\/v2\/comments?post=50892"}],"version-history":[{"count":2,"href":"https:\/\/lioneletlesautresvictimesdelaroute.fr\/justice\/wp-json\/wp\/v2\/pages\/50892\/revisions"}],"predecessor-version":[{"id":54320,"href":"https:\/\/lioneletlesautresvictimesdelaroute.fr\/justice\/wp-json\/wp\/v2\/pages\/50892\/revisions\/54320"}],"up":[{"embeddable":true,"href":"https:\/\/lioneletlesautresvictimesdelaroute.fr\/justice\/wp-json\/wp\/v2\/pages\/43196"}],"wp:attachment":[{"href":"https:\/\/lioneletlesautresvictimesdelaroute.fr\/justice\/wp-json\/wp\/v2\/media?parent=50892"}],"wp:term":[{"taxonomy":"category","embeddable":true,"href":"https:\/\/lioneletlesautresvictimesdelaroute.fr\/justice\/wp-json\/wp\/v2\/categories?post=50892"},{"taxonomy":"post_tag","embeddable":true,"href":"https:\/\/lioneletlesautresvictimesdelaroute.fr\/justice\/wp-json\/wp\/v2\/tags?post=50892"}],"curies":[{"name":"wp","href":"https:\/\/api.w.org\/{rel}","templated":true}]}}

Je ne suis pas la seule à avoir à survivre à ce type de décès !

<div data-elementor-type="wp-page" data-elementor-id="50892" class="elementor elementor-50892" data-elementor-settings="{&quot;ha_cmc_init_switcher&quot;:&quot;no&quot;}">
				<div class="elementor-element elementor-element-4272954 e-flex e-con-boxed wpr-particle-no wpr-jarallax-no wpr-parallax-no wpr-sticky-section-no wpr-equal-height-no e-con e-parent" data-id="4272954" data-element_type="container" data-e-type="container" data-settings="{&quot;_ha_eqh_enable&quot;:false}">
					<div class="e-con-inner">
				<div class="elementor-element elementor-element-5cada2e elementor-widget elementor-widget-heading" data-id="5cada2e" data-element_type="widget" data-e-type="widget" data-widget_type="heading.default">
				<div class="elementor-widget-container">
					<h2 class="elementor-heading-title elementor-size-default">Reportages TV et Publications réseaux sociaux </h2>				</div>
				</div>
				<div class="elementor-element elementor-element-d91fb2b elementor-widget elementor-widget-spacer" data-id="d91fb2b" data-element_type="widget" data-e-type="widget" data-widget_type="spacer.default">
				<div class="elementor-widget-container">
							<div class="elementor-spacer">
			<div class="elementor-spacer-inner"></div>
		</div>
						</div>
				</div>
				<div class="elementor-element elementor-element-faf984b elementor-widget elementor-widget-text-editor" data-id="faf984b" data-element_type="widget" data-e-type="widget" data-widget_type="text-editor.default">
				<div class="elementor-widget-container">
									<p><strong>Reportages TF1</strong></p><ul><li>Mon témoignage concernant les autopsies judiciaires après le décès d&rsquo;un proche. <ul><li style="list-style-type: none;"><ul><li style="list-style-type: none;"><ul><li style="list-style-type: none;"><ul><li style="list-style-type: none;"><ul><li style="list-style-type: none;"><ul><li style="list-style-type: none;"><ul><li style="list-style-type: none;"><ul><li style="list-style-type: none;"><ul><li style="list-style-type: none;"><ul><li><a href="https://www.youtube.com/watch?v=MKNkE8JowW4">Voir ce reportage</a> </li></ul></li></ul></li></ul></li></ul></li></ul></li></ul></li></ul></li></ul></li></ul></li></ul></li><li><p class="jsx-1721971818 Title " data-testid="article-title">« Il a tué mon fils » : le combat des parents d&rsquo;Axel, tué par un chauffard ivre, pour faire reconnaître l&rsquo;homicide routier</p><ul><li style="list-style-type: none;"><ul><li style="list-style-type: none;"><ul><li style="list-style-type: none;"><ul><li style="list-style-type: none;"><ul><li style="list-style-type: none;"><ul><li style="list-style-type: none;"><ul><li style="list-style-type: none;"><ul><li style="list-style-type: none;"><ul><li style="list-style-type: none;"><ul><li><a href="https://www.tf1info.fr/justice-faits-divers/video-il-a-tue-mon-fils-le-combat-des-parents-d-axel-tue-par-un-chauffard-ivre-pour-faire-reconnaitre-l-homicide-routier-2360374.html">Voir ce reportage</a> <br />( <span class="jsx-3130175269 Container" data-module="article-header-video">Publié le 20 mars 2025 à 7h30)<br /></span></li></ul></li></ul></li></ul></li></ul></li></ul></li></ul></li></ul></li></ul></li></ul></li></ul></li><li><p class="headline-4 text-white">Homicide routier : sept ans de prison et des questions</p><ul><li style="list-style-type: none;"><ul><li style="list-style-type: none;"><ul><li style="list-style-type: none;"><ul><li style="list-style-type: none;"><ul><li style="list-style-type: none;"><ul><li style="list-style-type: none;"><ul><li style="list-style-type: none;"><ul><li style="list-style-type: none;"><ul><li style="list-style-type: none;"><ul><li> <a href="https://www.tf1info.fr/justice-faits-divers/videos/video-mort-d-antoine-alleno-l-homicide-routier-au-coeur-du-proces-3193-2331492.html">Voir ce reportage</a> <br />(Publié le 29 nov. 2024 à 07:19</li></ul></li></ul></li></ul></li></ul></li></ul></li></ul></li></ul></li></ul></li></ul></li></ul></li></ul>								</div>
				</div>
				<div class="elementor-element elementor-element-a188aa2 elementor-widget elementor-widget-spacer" data-id="a188aa2" data-element_type="widget" data-e-type="widget" data-widget_type="spacer.default">
				<div class="elementor-widget-container">
							<div class="elementor-spacer">
			<div class="elementor-spacer-inner"></div>
		</div>
						</div>
				</div>
				<div class="elementor-element elementor-element-a7676c6 elementor-widget elementor-widget-text-editor" data-id="a7676c6" data-element_type="widget" data-e-type="widget" data-widget_type="text-editor.default">
				<div class="elementor-widget-container">
									<strong>TikTok</strong>
<ul>
 	<li>« Il a tué mon fils »

<ul>
 	<li style="list-style-type: none;">
<ul>
 	<li style="list-style-type: none;">
<ul>
 	<li style="list-style-type: none;">
<ul>
 	<li style="list-style-type: none;">
<ul>
 	<li style="list-style-type: none;">
<ul>
 	<li style="list-style-type: none;">
<ul>
 	<li style="list-style-type: none;">
<ul>
 	<li style="list-style-type: none;">
<ul>
 	<li style="list-style-type: none;">
<ul>
 	<li><a href="https://www.tiktok.com/@tf1info/video/7483885723528072470?is_from_webapp=1">Voir cet article TikTok</a></li>
 	<li><a href="https://www.tiktok.com/@m6officiel/video/7489445284276194582?q=homicide%20routier&amp;t=1746720519924">Voir un autre article TikTok</a></li>
 	<li><a href="https://www.tiktok.com/@tf1info/video/7483885723528072470?q=homicide%20routier&amp;t=1746720665873">Voir un autre article TikTok</a></li>
</ul>
</li>
</ul>
</li>
</ul>
</li>
</ul>
</li>
</ul>
</li>
</ul>
</li>
</ul>
</li>
</ul>
</li>
</ul>
</li>
</ul>
</li>
</ul>
</li>
</ul>								</div>
				</div>
				<div class="elementor-element elementor-element-4cfb5f8 elementor-widget elementor-widget-spacer" data-id="4cfb5f8" data-element_type="widget" data-e-type="widget" data-widget_type="spacer.default">
				<div class="elementor-widget-container">
							<div class="elementor-spacer">
			<div class="elementor-spacer-inner"></div>
		</div>
						</div>
				</div>
					</div>
				</div>
				</div>

<p>Reportages TV et Publications réseaux sociaux Reportages TF1 Mon témoignage concernant les autopsies judiciaires après le décès d&rsquo;un proche. Voir ce reportage « Il a tué mon fils » : le combat des parents d&rsquo;Axel, tué par un chauffard ivre, pour faire reconnaître l&rsquo;homicide routier Voir ce reportage ( Publié le 20 mars 2025 à 7h30) Homicide routier : sept ans de prison et des questions  Voir ce reportage (Publié le 29 nov. 2024 à 07:19 TikTok « Il a tué mon fils » Voir cet article TikTok Voir un autre article TikTok Voir un autre article TikTok</p>

Reportages TV et Publications réseaux sociaux Reportages TF1 Mon témoignage concernant les autopsies judiciaires après le décès d&rsquo;un proche. Voir ce reportage « Il a tué mon fils » : le combat des parents d&rsquo;Axel, tué par un chauffard ivre, pour faire reconnaître l&rsquo;homicide routier Voir ce reportage ( Publié le 20 mars 2025 à 7h30) Homicide…
