{"id":51403,"date":"2025-06-03T14:40:54","date_gmt":"2025-06-03T12:40:54","guid":{"rendered":"https:\/\/lioneletlesautresvictimesdelaroute.fr\/justice\/?page_id=51403"},"modified":"2025-07-28T14:03:49","modified_gmt":"2025-07-28T12:03:49","slug":"association-antoine-alleno","status":"publish","type":"page","link":"https:\/\/lioneletlesautresvictimesdelaroute.fr\/justice\/projets-de-loi\/autres-projets-de-loi\/association-antoine-alleno\/","title":{"rendered":"Association Antoine ALLENO"},"content":{"rendered":"\t\t<div data-elementor-type=\"wp-page\" data-elementor-id=\"51403\" class=\"elementor elementor-51403\" data-elementor-settings=\"{&quot;ha_cmc_init_switcher&quot;:&quot;no&quot;}\">\n\t\t\t\t<div class=\"elementor-element elementor-element-57fcf9b e-flex e-con-boxed wpr-particle-no wpr-jarallax-no wpr-parallax-no wpr-sticky-section-no wpr-equal-height-no e-con e-parent\" data-id=\"57fcf9b\" data-element_type=\"container\" data-e-type=\"container\" data-settings=\"{&quot;_ha_eqh_enable&quot;:false}\">\n\t\t\t\t\t<div class=\"e-con-inner\">\n\t\t\t\t<div class=\"elementor-element elementor-element-3a35b81 elementor-widget elementor-widget-text-editor\" data-id=\"3a35b81\" data-element_type=\"widget\" data-e-type=\"widget\" data-widget_type=\"text-editor.default\">\n\t\t\t\t<div class=\"elementor-widget-container\">\n\t\t\t\t\t\t\t\t\t<h3>Assembl\u00e9e Nationale :<\/h3><ul><li style=\"list-style-type: none;\"><ul><li><h3><a href=\"https:\/\/lioneletlesautresvictimesdelaroute.fr\/justice\/assemblee-nationale-suivi-du-projet-de-loi-homicide-routier-violences-routieres\/\">Suivi du projet de loi Homicide routier Violences routi\u00e8res<\/a><\/h3><\/li><\/ul><\/li><\/ul><h3>\u00a0<\/h3><h3>S\u00e9nat :<\/h3><ul><li><h3><a href=\"https:\/\/lioneletlesautresvictimesdelaroute.fr\/justice\/senat-suivi-du-projet-de-loi-homicide-routier-violences-routieres\/\">Suivi du projet de loi Homicide routier Violences routi\u00e8res<\/a><\/h3><\/li><\/ul>\t\t\t\t\t\t\t\t<\/div>\n\t\t\t\t<\/div>\n\t\t\t\t\t<\/div>\n\t\t\t\t<\/div>\n\t\t\t\t<\/div>\n\t\t","protected":false},"excerpt":{"rendered":"<p>Assembl\u00e9e Nationale : Suivi du projet de loi Homicide routier Violences routi\u00e8res S\u00e9nat : Suivi du projet de loi Homicide routier Violences routi\u00e8res<\/p>\n","protected":false},"author":3,"featured_media":0,"parent":51274,"menu_order":0,"comment_status":"closed","ping_status":"closed","template":"elementor_theme","meta":{"_uag_custom_page_level_css":"","sfsi_plus_gutenberg_text_before_share":"","sfsi_plus_gutenberg_show_text_before_share":"","sfsi_plus_gutenberg_icon_type":"","sfsi_plus_gutenberg_icon_alignemt":"","sfsi_plus_gutenburg_max_per_row":"","_lmt_disableupdate":"no","_lmt_disable":"no","_monsterinsights_skip_tracking":false,"_monsterinsights_sitenote_active":false,"_monsterinsights_sitenote_note":"","_monsterinsights_sitenote_category":0,"site-sidebar-layout":"right-sidebar","site-content-layout":"","ast-site-content-layout":"default","site-content-style":"default","site-sidebar-style":"default","ast-global-header-display":"","ast-banner-title-visibility":"","ast-main-header-display":"","ast-hfb-above-header-display":"","ast-hfb-below-header-display":"","ast-hfb-mobile-header-display":"","site-post-title":"","ast-breadcrumbs-content":"","ast-featured-img":"","footer-sml-layout":"","ast-disable-related-posts":"","theme-transparent-header-meta":"default","adv-header-id-meta":"","stick-header-meta":"","header-above-stick-meta":"","header-main-stick-meta":"","header-below-stick-meta":"","astra-migrate-meta-layouts":"set","ast-page-background-enabled":"default","ast-page-background-meta":{"desktop":{"background-color":"var(--ast-global-color-4)","background-image":"","background-repeat":"repeat","background-position":"center center","background-size":"auto","background-attachment":"scroll","background-type":"","background-media":"","overlay-type":"","overlay-color":"","overlay-opacity":"","overlay-gradient":""},"tablet":{"background-color":"","background-image":"","background-repeat":"repeat","background-position":"center center","background-size":"auto","background-attachment":"scroll","background-type":"","background-media":"","overlay-type":"","overlay-color":"","overlay-opacity":"","overlay-gradient":""},"mobile":{"background-color":"","background-image":"","background-repeat":"repeat","background-position":"center center","background-size":"auto","background-attachment":"scroll","background-type":"","background-media":"","overlay-type":"","overlay-color":"","overlay-opacity":"","overlay-gradient":""}},"ast-content-background-meta":{"desktop":{"background-color":"var(--ast-global-color-5)","background-image":"","background-repeat":"repeat","background-position":"center center","background-size":"auto","background-attachment":"scroll","background-type":"","background-media":"","overlay-type":"","overlay-color":"","overlay-opacity":"","overlay-gradient":""},"tablet":{"background-color":"var(--ast-global-color-5)","background-image":"","background-repeat":"repeat","background-position":"center center","background-size":"auto","background-attachment":"scroll","background-type":"","background-media":"","overlay-type":"","overlay-color":"","overlay-opacity":"","overlay-gradient":""},"mobile":{"background-color":"var(--ast-global-color-5)","background-image":"","background-repeat":"repeat","background-position":"center center","background-size":"auto","background-attachment":"scroll","background-type":"","background-media":"","overlay-type":"","overlay-color":"","overlay-opacity":"","overlay-gradient":""}},"iawp_total_views":0,"footnotes":""},"categories":[],"tags":[],"class_list":["post-51403","page","type-page","status-publish","hentry"],"aioseo_notices":[],"uagb_featured_image_src":{"full":false,"thumbnail":false,"medium":false,"medium_large":false,"large":false,"1536x1536":false,"2048x2048":false},"uagb_author_info":{"display_name":"Michel BOUDRY","author_link":"https:\/\/lioneletlesautresvictimesdelaroute.fr\/justice\/author\/wmbdylavr20250522\/"},"uagb_comment_info":0,"uagb_excerpt":"Assembl\u00e9e Nationale : Suivi du projet de loi Homicide routier Violences routi\u00e8res S\u00e9nat : Suivi du projet de loi Homicide routier Violences routi\u00e8res","rttpg_featured_image_url":null,"rttpg_author":{"display_name":"Michel BOUDRY","author_link":"https:\/\/lioneletlesautresvictimesdelaroute.fr\/justice\/author\/wmbdylavr20250522\/"},"rttpg_comment":0,"rttpg_category":false,"rttpg_excerpt":"Assembl\u00e9e Nationale : Suivi du projet de loi Homicide routier Violences routi\u00e8res S\u00e9nat : Suivi du projet de loi Homicide routier Violences routi\u00e8res","_links":{"self":[{"href":"https:\/\/lioneletlesautresvictimesdelaroute.fr\/justice\/wp-json\/wp\/v2\/pages\/51403","targetHints":{"allow":["GET"]}}],"collection":[{"href":"https:\/\/lioneletlesautresvictimesdelaroute.fr\/justice\/wp-json\/wp\/v2\/pages"}],"about":[{"href":"https:\/\/lioneletlesautresvictimesdelaroute.fr\/justice\/wp-json\/wp\/v2\/types\/page"}],"author":[{"embeddable":true,"href":"https:\/\/lioneletlesautresvictimesdelaroute.fr\/justice\/wp-json\/wp\/v2\/users\/3"}],"replies":[{"embeddable":true,"href":"https:\/\/lioneletlesautresvictimesdelaroute.fr\/justice\/wp-json\/wp\/v2\/comments?post=51403"}],"version-history":[{"count":2,"href":"https:\/\/lioneletlesautresvictimesdelaroute.fr\/justice\/wp-json\/wp\/v2\/pages\/51403\/revisions"}],"predecessor-version":[{"id":53187,"href":"https:\/\/lioneletlesautresvictimesdelaroute.fr\/justice\/wp-json\/wp\/v2\/pages\/51403\/revisions\/53187"}],"up":[{"embeddable":true,"href":"https:\/\/lioneletlesautresvictimesdelaroute.fr\/justice\/wp-json\/wp\/v2\/pages\/51274"}],"wp:attachment":[{"href":"https:\/\/lioneletlesautresvictimesdelaroute.fr\/justice\/wp-json\/wp\/v2\/media?parent=51403"}],"wp:term":[{"taxonomy":"category","embeddable":true,"href":"https:\/\/lioneletlesautresvictimesdelaroute.fr\/justice\/wp-json\/wp\/v2\/categories?post=51403"},{"taxonomy":"post_tag","embeddable":true,"href":"https:\/\/lioneletlesautresvictimesdelaroute.fr\/justice\/wp-json\/wp\/v2\/tags?post=51403"}],"curies":[{"name":"wp","href":"https:\/\/api.w.org\/{rel}","templated":true}]}}

<div data-elementor-type="wp-page" data-elementor-id="51403" class="elementor elementor-51403" data-elementor-settings="{&quot;ha_cmc_init_switcher&quot;:&quot;no&quot;}">
				<div class="elementor-element elementor-element-57fcf9b e-flex e-con-boxed wpr-particle-no wpr-jarallax-no wpr-parallax-no wpr-sticky-section-no wpr-equal-height-no e-con e-parent" data-id="57fcf9b" data-element_type="container" data-e-type="container" data-settings="{&quot;_ha_eqh_enable&quot;:false}">
					<div class="e-con-inner">
				<div class="elementor-element elementor-element-3a35b81 elementor-widget elementor-widget-text-editor" data-id="3a35b81" data-element_type="widget" data-e-type="widget" data-widget_type="text-editor.default">
				<div class="elementor-widget-container">
									<h3>Assemblée Nationale :</h3><ul><li style="list-style-type: none;"><ul><li><h3><a href="https://lioneletlesautresvictimesdelaroute.fr/justice/assemblee-nationale-suivi-du-projet-de-loi-homicide-routier-violences-routieres/">Suivi du projet de loi Homicide routier Violences routières</a></h3></li></ul></li></ul><h3> </h3><h3>Sénat :</h3><ul><li><h3><a href="https://lioneletlesautresvictimesdelaroute.fr/justice/senat-suivi-du-projet-de-loi-homicide-routier-violences-routieres/">Suivi du projet de loi Homicide routier Violences routières</a></h3></li></ul>								</div>
				</div>
					</div>
				</div>
				</div>

<p>Assemblée Nationale : Suivi du projet de loi Homicide routier Violences routières Sénat : Suivi du projet de loi Homicide routier Violences routières</p>

Assemblée Nationale : Suivi du projet de loi Homicide routier Violences routières Sénat : Suivi du projet de loi Homicide routier Violences routières
