{"id":52183,"date":"2025-06-19T21:15:21","date_gmt":"2025-06-19T19:15:21","guid":{"rendered":"https:\/\/lioneletlesautresvictimesdelaroute.fr\/justice\/?page_id=52183"},"modified":"2025-12-16T14:35:59","modified_gmt":"2025-12-16T13:35:59","slug":"velo","status":"publish","type":"page","link":"https:\/\/lioneletlesautresvictimesdelaroute.fr\/justice\/etat-des-lieux\/code-de-la-route\/reglementations-des-vehicules-roulants\/velo\/","title":{"rendered":"V\u00e9lo"},"content":{"rendered":"\t\t<div data-elementor-type=\"wp-page\" data-elementor-id=\"52183\" class=\"elementor elementor-52183\" data-elementor-settings=\"{&quot;ha_cmc_init_switcher&quot;:&quot;no&quot;}\">\n\t\t\t\t<div class=\"elementor-element elementor-element-4bb0889 e-con-full e-flex wpr-particle-no wpr-jarallax-no wpr-parallax-no wpr-sticky-section-no wpr-equal-height-no e-con e-parent\" data-id=\"4bb0889\" data-element_type=\"container\" data-e-type=\"container\" data-settings=\"{&quot;_ha_eqh_enable&quot;:false}\">\n\t\t\t\t<div class=\"elementor-element elementor-element-6959c08 elementor-widget elementor-widget-image\" data-id=\"6959c08\" data-element_type=\"widget\" data-e-type=\"widget\" data-widget_type=\"image.default\">\n\t\t\t\t<div class=\"elementor-widget-container\">\n\t\t\t\t\t\t\t\t\t\t\t\t\t\t\t\t<a href=\"https:\/\/lioneletlesautresvictimesdelaroute.fr\/justice\/wp-content\/uploads\/2023\/10\/23100_DP-Plan-velo-2023-pdf.jpg\" data-elementor-open-lightbox=\"yes\" data-elementor-lightbox-title=\"23100_DP-Plan-velo-2023-pdf\" data-elementor-lightbox-description=\"Dossier de presse &quot;Plan V\u00e9lo et Marche 2023-2027&quot;\" data-e-action-hash=\"#elementor-action%3Aaction%3Dlightbox%26settings%3DeyJpZCI6MjY3MjQsInVybCI6Imh0dHBzOlwvXC9saW9uZWxldGxlc2F1dHJlc3ZpY3RpbWVzZGVsYXJvdXRlLmZyXC9qdXN0aWNlXC93cC1jb250ZW50XC91cGxvYWRzXC8yMDIzXC8xMFwvMjMxMDBfRFAtUGxhbi12ZWxvLTIwMjMtcGRmLmpwZyJ9\">\n\t\t\t\t\t\t\t<img decoding=\"async\" width=\"150\" height=\"150\" src=\"https:\/\/lioneletlesautresvictimesdelaroute.fr\/justice\/wp-content\/uploads\/2023\/10\/23100_DP-Plan-velo-2023-pdf-150x150.jpg\" class=\"attachment-thumbnail size-thumbnail wp-image-26724\" alt=\"Plan V\u00e9lo Marche 2023-2027 Gouvernement\" \/>\t\t\t\t\t\t\t\t<\/a>\n\t\t\t\t\t\t\t\t\t\t\t\t\t\t\t<\/div>\n\t\t\t\t<\/div>\n\t\t\t\t<div class=\"elementor-element elementor-element-be73775 elementor-widget elementor-widget-heading\" data-id=\"be73775\" data-element_type=\"widget\" data-e-type=\"widget\" data-widget_type=\"heading.default\">\n\t\t\t\t<div class=\"elementor-widget-container\">\n\t\t\t\t\t<h2 class=\"elementor-heading-title elementor-size-default\">S\u00e9curit\u00e9 Routi\u00e8re en V\u00e9lo<\/h2>\t\t\t\t<\/div>\n\t\t\t\t<\/div>\n\t\t\t\t<div class=\"elementor-element elementor-element-8915f49 elementor-widget elementor-widget-spacer\" data-id=\"8915f49\" data-element_type=\"widget\" data-e-type=\"widget\" data-widget_type=\"spacer.default\">\n\t\t\t\t<div class=\"elementor-widget-container\">\n\t\t\t\t\t\t\t<div class=\"elementor-spacer\">\n\t\t\t<div class=\"elementor-spacer-inner\"><\/div>\n\t\t<\/div>\n\t\t\t\t\t\t<\/div>\n\t\t\t\t<\/div>\n\t\t\t\t<div class=\"elementor-element elementor-element-4e111d2 elementor-widget elementor-widget-text-editor\" data-id=\"4e111d2\" data-element_type=\"widget\" data-e-type=\"widget\" data-widget_type=\"text-editor.default\">\n\t\t\t\t<div class=\"elementor-widget-container\">\n\t\t\t\t\t\t\t\t\t<p>Le casque n\u2019est pas obligatoire mais, <strong>il est vivement conseill\u00e9<\/strong> pour vous prot\u00e9ger en cas de chute ou de collision les mesures les blessures dues au choc frontal demeurent la premi\u00e8re cause de d\u00e9c\u00e8s chez les cyclistes.<\/p><p>Assurez-vous \u00e9galement du bon gonflage de vos pneus.<\/p><p>Concernant les enfants transport\u00e9s \u00e0 l\u2019arri\u00e8re le casque est \u00e9galement tr\u00e8s vivement conseill\u00e9 ainsi qu\u2019un si\u00e8ge de s\u00e9curit\u00e9 pour les enfants.<\/p><p>Lors de votre excursion en v\u00e9lo v\u00e9rifiez les pistes cyclables N\u2019h\u00e9sitez pas \u00e0 les prendre pour votre propre s\u00e9curit\u00e9 et ceux qui vous entourent.<\/p><p>Vous n\u2019avez pas de clignotant sur un v\u00e9lo alors tendez le bras pour mentionner quand vous tournez \u00e0 droite ou \u00e0 gauche. Je vous conseille de vous arr\u00eater en cas Circulation importante.<\/p><p>N\u2019\u00e9coutez pas de la musique pendant que vous p\u00e9dalez, profitez du lieu que vous visitez de plus sachez que il est important de rester \u00e0 l\u2019\u00e9coute de la route, les personnes ayant un \u00e9couteur dans les oreilles sont passibles d\u2019une amende.<br \/>Lors de vos arr\u00eats, v\u00e9rifiez les angles morts avant de reprendre la route.<\/p><p>Les angles morts se trouvent souvent au niveau des camions et des gros v\u00e9hicules.<\/p><p>Source : <a href=\"https:\/\/www.securite-routiere.gouv.fr\/\">Pr\u00e9vention Routi\u00e8re\u00a0<\/a><\/p>\t\t\t\t\t\t\t\t<\/div>\n\t\t\t\t<\/div>\n\t\t\t\t<div class=\"elementor-element elementor-element-e584b3f elementor-widget elementor-widget-image\" data-id=\"e584b3f\" data-element_type=\"widget\" data-e-type=\"widget\" data-widget_type=\"image.default\">\n\t\t\t\t<div class=\"elementor-widget-container\">\n\t\t\t\t\t\t\t\t\t\t\t\t\t\t\t<img fetchpriority=\"high\" decoding=\"async\" width=\"768\" height=\"747\" src=\"https:\/\/lioneletlesautresvictimesdelaroute.fr\/justice\/wp-content\/uploads\/2025\/06\/velo.jpg\" class=\"attachment-large size-large wp-image-52127\" alt=\"\" srcset=\"https:\/\/lioneletlesautresvictimesdelaroute.fr\/justice\/wp-content\/uploads\/2025\/06\/velo.jpg 768w, https:\/\/lioneletlesautresvictimesdelaroute.fr\/justice\/wp-content\/uploads\/2025\/06\/velo-300x292.jpg 300w\" sizes=\"(max-width: 768px) 100vw, 768px\" \/>\t\t\t\t\t\t\t\t\t\t\t\t\t\t\t<\/div>\n\t\t\t\t<\/div>\n\t\t\t\t<div class=\"elementor-element elementor-element-e6f08d1 elementor-widget elementor-widget-spacer\" data-id=\"e6f08d1\" data-element_type=\"widget\" data-e-type=\"widget\" data-widget_type=\"spacer.default\">\n\t\t\t\t<div class=\"elementor-widget-container\">\n\t\t\t\t\t\t\t<div class=\"elementor-spacer\">\n\t\t\t<div class=\"elementor-spacer-inner\"><\/div>\n\t\t<\/div>\n\t\t\t\t\t\t<\/div>\n\t\t\t\t<\/div>\n\t\t\t\t<\/div>\n\t\t<div class=\"elementor-element elementor-element-4fc5916 e-flex e-con-boxed wpr-particle-no wpr-jarallax-no wpr-parallax-no wpr-sticky-section-no wpr-equal-height-no e-con e-parent\" data-id=\"4fc5916\" data-element_type=\"container\" data-e-type=\"container\" data-settings=\"{&quot;_ha_eqh_enable&quot;:false}\">\n\t\t\t\t\t<div class=\"e-con-inner\">\n\t\t\t\t\t<\/div>\n\t\t\t\t<\/div>\n\t\t\t\t<\/div>\n\t\t","protected":false},"excerpt":{"rendered":"<p>S\u00e9curit\u00e9 Routi\u00e8re en V\u00e9lo Le casque n\u2019est pas obligatoire mais, il est vivement conseill\u00e9 pour vous prot\u00e9ger en cas de chute ou de collision les mesures les blessures dues au choc frontal demeurent la premi\u00e8re cause de d\u00e9c\u00e8s chez les cyclistes. Assurez-vous \u00e9galement du bon gonflage de vos pneus. Concernant les enfants transport\u00e9s \u00e0 l\u2019arri\u00e8re le casque est \u00e9galement tr\u00e8s vivement conseill\u00e9 ainsi qu\u2019un si\u00e8ge de s\u00e9curit\u00e9 pour les enfants. Lors de votre excursion en v\u00e9lo v\u00e9rifiez les pistes cyclables N\u2019h\u00e9sitez pas \u00e0 les prendre pour votre propre s\u00e9curit\u00e9 et ceux qui vous entourent. Vous n\u2019avez pas de clignotant sur un v\u00e9lo alors tendez le bras pour mentionner quand vous tournez \u00e0 droite ou \u00e0 gauche. Je vous conseille de vous arr\u00eater en cas Circulation importante. N\u2019\u00e9coutez pas de la musique pendant que vous p\u00e9dalez, profitez du lieu que vous visitez de plus sachez que il est important de rester \u00e0 l\u2019\u00e9coute de la route, les personnes ayant un \u00e9couteur dans les oreilles sont passibles d\u2019une amende.Lors de vos arr\u00eats, v\u00e9rifiez les angles morts avant de reprendre la route. Les angles morts se trouvent souvent au niveau des camions et des gros v\u00e9hicules. Source : Pr\u00e9vention Routi\u00e8re\u00a0<\/p>\n","protected":false},"author":3,"featured_media":0,"parent":53909,"menu_order":2,"comment_status":"closed","ping_status":"closed","template":"","meta":{"_uag_custom_page_level_css":"","sfsi_plus_gutenberg_text_before_share":"","sfsi_plus_gutenberg_show_text_before_share":"","sfsi_plus_gutenberg_icon_type":"","sfsi_plus_gutenberg_icon_alignemt":"","sfsi_plus_gutenburg_max_per_row":"","_lmt_disableupdate":"no","_lmt_disable":"no","_monsterinsights_skip_tracking":false,"_monsterinsights_sitenote_active":false,"_monsterinsights_sitenote_note":"","_monsterinsights_sitenote_category":0,"site-sidebar-layout":"right-sidebar","site-content-layout":"","ast-site-content-layout":"default","site-content-style":"default","site-sidebar-style":"default","ast-global-header-display":"","ast-banner-title-visibility":"","ast-main-header-display":"","ast-hfb-above-header-display":"","ast-hfb-below-header-display":"","ast-hfb-mobile-header-display":"","site-post-title":"","ast-breadcrumbs-content":"","ast-featured-img":"","footer-sml-layout":"","ast-disable-related-posts":"","theme-transparent-header-meta":"default","adv-header-id-meta":"","stick-header-meta":"","header-above-stick-meta":"","header-main-stick-meta":"","header-below-stick-meta":"","astra-migrate-meta-layouts":"set","ast-page-background-enabled":"default","ast-page-background-meta":{"desktop":{"background-color":"var(--ast-global-color-4)","background-image":"","background-repeat":"repeat","background-position":"center center","background-size":"auto","background-attachment":"scroll","background-type":"","background-media":"","overlay-type":"","overlay-color":"","overlay-opacity":"","overlay-gradient":""},"tablet":{"background-color":"","background-image":"","background-repeat":"repeat","background-position":"center center","background-size":"auto","background-attachment":"scroll","background-type":"","background-media":"","overlay-type":"","overlay-color":"","overlay-opacity":"","overlay-gradient":""},"mobile":{"background-color":"","background-image":"","background-repeat":"repeat","background-position":"center center","background-size":"auto","background-attachment":"scroll","background-type":"","background-media":"","overlay-type":"","overlay-color":"","overlay-opacity":"","overlay-gradient":""}},"ast-content-background-meta":{"desktop":{"background-color":"var(--ast-global-color-5)","background-image":"","background-repeat":"repeat","background-position":"center center","background-size":"auto","background-attachment":"scroll","background-type":"","background-media":"","overlay-type":"","overlay-color":"","overlay-opacity":"","overlay-gradient":""},"tablet":{"background-color":"var(--ast-global-color-5)","background-image":"","background-repeat":"repeat","background-position":"center center","background-size":"auto","background-attachment":"scroll","background-type":"","background-media":"","overlay-type":"","overlay-color":"","overlay-opacity":"","overlay-gradient":""},"mobile":{"background-color":"var(--ast-global-color-5)","background-image":"","background-repeat":"repeat","background-position":"center center","background-size":"auto","background-attachment":"scroll","background-type":"","background-media":"","overlay-type":"","overlay-color":"","overlay-opacity":"","overlay-gradient":""}},"iawp_total_views":3,"footnotes":""},"categories":[],"tags":[],"class_list":["post-52183","page","type-page","status-publish","hentry"],"aioseo_notices":[],"uagb_featured_image_src":{"full":false,"thumbnail":false,"medium":false,"medium_large":false,"large":false,"1536x1536":false,"2048x2048":false},"uagb_author_info":{"display_name":"Michel BOUDRY","author_link":"https:\/\/lioneletlesautresvictimesdelaroute.fr\/justice\/author\/wmbdylavr20250522\/"},"uagb_comment_info":0,"uagb_excerpt":"S\u00e9curit\u00e9 Routi\u00e8re en V\u00e9lo Le casque n\u2019est pas obligatoire mais, il est vivement conseill\u00e9 pour vous prot\u00e9ger en cas de chute ou de collision les mesures les blessures dues au choc frontal demeurent la premi\u00e8re cause de d\u00e9c\u00e8s chez les cyclistes. Assurez-vous \u00e9galement du bon gonflage de vos pneus. Concernant les enfants transport\u00e9s \u00e0 l\u2019arri\u00e8re\u2026","rttpg_featured_image_url":null,"rttpg_author":{"display_name":"Michel BOUDRY","author_link":"https:\/\/lioneletlesautresvictimesdelaroute.fr\/justice\/author\/wmbdylavr20250522\/"},"rttpg_comment":0,"rttpg_category":false,"rttpg_excerpt":"S\u00e9curit\u00e9 Routi\u00e8re en V\u00e9lo Le casque n\u2019est pas obligatoire mais, il est vivement conseill\u00e9 pour vous prot\u00e9ger en cas de chute ou de collision les mesures les blessures dues au choc frontal demeurent la premi\u00e8re cause de d\u00e9c\u00e8s chez les cyclistes. Assurez-vous \u00e9galement du bon gonflage de vos pneus. Concernant les enfants transport\u00e9s \u00e0 l\u2019arri\u00e8re\u2026","_links":{"self":[{"href":"https:\/\/lioneletlesautresvictimesdelaroute.fr\/justice\/wp-json\/wp\/v2\/pages\/52183","targetHints":{"allow":["GET"]}}],"collection":[{"href":"https:\/\/lioneletlesautresvictimesdelaroute.fr\/justice\/wp-json\/wp\/v2\/pages"}],"about":[{"href":"https:\/\/lioneletlesautresvictimesdelaroute.fr\/justice\/wp-json\/wp\/v2\/types\/page"}],"author":[{"embeddable":true,"href":"https:\/\/lioneletlesautresvictimesdelaroute.fr\/justice\/wp-json\/wp\/v2\/users\/3"}],"replies":[{"embeddable":true,"href":"https:\/\/lioneletlesautresvictimesdelaroute.fr\/justice\/wp-json\/wp\/v2\/comments?post=52183"}],"version-history":[{"count":2,"href":"https:\/\/lioneletlesautresvictimesdelaroute.fr\/justice\/wp-json\/wp\/v2\/pages\/52183\/revisions"}],"predecessor-version":[{"id":54219,"href":"https:\/\/lioneletlesautresvictimesdelaroute.fr\/justice\/wp-json\/wp\/v2\/pages\/52183\/revisions\/54219"}],"up":[{"embeddable":true,"href":"https:\/\/lioneletlesautresvictimesdelaroute.fr\/justice\/wp-json\/wp\/v2\/pages\/53909"}],"wp:attachment":[{"href":"https:\/\/lioneletlesautresvictimesdelaroute.fr\/justice\/wp-json\/wp\/v2\/media?parent=52183"}],"wp:term":[{"taxonomy":"category","embeddable":true,"href":"https:\/\/lioneletlesautresvictimesdelaroute.fr\/justice\/wp-json\/wp\/v2\/categories?post=52183"},{"taxonomy":"post_tag","embeddable":true,"href":"https:\/\/lioneletlesautresvictimesdelaroute.fr\/justice\/wp-json\/wp\/v2\/tags?post=52183"}],"curies":[{"name":"wp","href":"https:\/\/api.w.org\/{rel}","templated":true}]}}

Vélo

<div data-elementor-type="wp-page" data-elementor-id="52183" class="elementor elementor-52183" data-elementor-settings="{&quot;ha_cmc_init_switcher&quot;:&quot;no&quot;}">
				<div class="elementor-element elementor-element-4bb0889 e-con-full e-flex wpr-particle-no wpr-jarallax-no wpr-parallax-no wpr-sticky-section-no wpr-equal-height-no e-con e-parent" data-id="4bb0889" data-element_type="container" data-e-type="container" data-settings="{&quot;_ha_eqh_enable&quot;:false}">
				<div class="elementor-element elementor-element-6959c08 elementor-widget elementor-widget-image" data-id="6959c08" data-element_type="widget" data-e-type="widget" data-widget_type="image.default">
				<div class="elementor-widget-container">
																<a href="https://lioneletlesautresvictimesdelaroute.fr/justice/wp-content/uploads/2023/10/23100_DP-Plan-velo-2023-pdf.jpg" data-elementor-open-lightbox="yes" data-elementor-lightbox-title="23100_DP-Plan-velo-2023-pdf" data-elementor-lightbox-description="Dossier de presse &quot;Plan Vélo et Marche 2023-2027&quot;" data-e-action-hash="#elementor-action%3Aaction%3Dlightbox%26settings%3DeyJpZCI6MjY3MjQsInVybCI6Imh0dHBzOlwvXC9saW9uZWxldGxlc2F1dHJlc3ZpY3RpbWVzZGVsYXJvdXRlLmZyXC9qdXN0aWNlXC93cC1jb250ZW50XC91cGxvYWRzXC8yMDIzXC8xMFwvMjMxMDBfRFAtUGxhbi12ZWxvLTIwMjMtcGRmLmpwZyJ9">
							<img decoding="async" width="150" height="150" src="https://lioneletlesautresvictimesdelaroute.fr/justice/wp-content/uploads/2023/10/23100_DP-Plan-velo-2023-pdf-150x150.jpg" class="attachment-thumbnail size-thumbnail wp-image-26724" alt="Plan Vélo Marche 2023-2027 Gouvernement" />								</a>
															</div>
				</div>
				<div class="elementor-element elementor-element-be73775 elementor-widget elementor-widget-heading" data-id="be73775" data-element_type="widget" data-e-type="widget" data-widget_type="heading.default">
				<div class="elementor-widget-container">
					<h2 class="elementor-heading-title elementor-size-default">Sécurité Routière en Vélo</h2>				</div>
				</div>
				<div class="elementor-element elementor-element-8915f49 elementor-widget elementor-widget-spacer" data-id="8915f49" data-element_type="widget" data-e-type="widget" data-widget_type="spacer.default">
				<div class="elementor-widget-container">
							<div class="elementor-spacer">
			<div class="elementor-spacer-inner"></div>
		</div>
						</div>
				</div>
				<div class="elementor-element elementor-element-4e111d2 elementor-widget elementor-widget-text-editor" data-id="4e111d2" data-element_type="widget" data-e-type="widget" data-widget_type="text-editor.default">
				<div class="elementor-widget-container">
									<p>Le casque n’est pas obligatoire mais, <strong>il est vivement conseillé</strong> pour vous protéger en cas de chute ou de collision les mesures les blessures dues au choc frontal demeurent la première cause de décès chez les cyclistes.</p><p>Assurez-vous également du bon gonflage de vos pneus.</p><p>Concernant les enfants transportés à l’arrière le casque est également très vivement conseillé ainsi qu’un siège de sécurité pour les enfants.</p><p>Lors de votre excursion en vélo vérifiez les pistes cyclables N’hésitez pas à les prendre pour votre propre sécurité et ceux qui vous entourent.</p><p>Vous n’avez pas de clignotant sur un vélo alors tendez le bras pour mentionner quand vous tournez à droite ou à gauche. Je vous conseille de vous arrêter en cas Circulation importante.</p><p>N’écoutez pas de la musique pendant que vous pédalez, profitez du lieu que vous visitez de plus sachez que il est important de rester à l’écoute de la route, les personnes ayant un écouteur dans les oreilles sont passibles d’une amende.<br />Lors de vos arrêts, vérifiez les angles morts avant de reprendre la route.</p><p>Les angles morts se trouvent souvent au niveau des camions et des gros véhicules.</p><p>Source : <a href="https://www.securite-routiere.gouv.fr/">Prévention Routière </a></p>								</div>
				</div>
				<div class="elementor-element elementor-element-e584b3f elementor-widget elementor-widget-image" data-id="e584b3f" data-element_type="widget" data-e-type="widget" data-widget_type="image.default">
				<div class="elementor-widget-container">
															<img fetchpriority="high" decoding="async" width="768" height="747" src="https://lioneletlesautresvictimesdelaroute.fr/justice/wp-content/uploads/2025/06/velo.jpg" class="attachment-large size-large wp-image-52127" alt="" srcset="https://lioneletlesautresvictimesdelaroute.fr/justice/wp-content/uploads/2025/06/velo.jpg 768w, https://lioneletlesautresvictimesdelaroute.fr/justice/wp-content/uploads/2025/06/velo-300x292.jpg 300w" sizes="(max-width: 768px) 100vw, 768px" />															</div>
				</div>
				<div class="elementor-element elementor-element-e6f08d1 elementor-widget elementor-widget-spacer" data-id="e6f08d1" data-element_type="widget" data-e-type="widget" data-widget_type="spacer.default">
				<div class="elementor-widget-container">
							<div class="elementor-spacer">
			<div class="elementor-spacer-inner"></div>
		</div>
						</div>
				</div>
				</div>
		<div class="elementor-element elementor-element-4fc5916 e-flex e-con-boxed wpr-particle-no wpr-jarallax-no wpr-parallax-no wpr-sticky-section-no wpr-equal-height-no e-con e-parent" data-id="4fc5916" data-element_type="container" data-e-type="container" data-settings="{&quot;_ha_eqh_enable&quot;:false}">
					<div class="e-con-inner">
					</div>
				</div>
				</div>

<p>Sécurité Routière en Vélo Le casque n’est pas obligatoire mais, il est vivement conseillé pour vous protéger en cas de chute ou de collision les mesures les blessures dues au choc frontal demeurent la première cause de décès chez les cyclistes. Assurez-vous également du bon gonflage de vos pneus. Concernant les enfants transportés à l’arrière le casque est également très vivement conseillé ainsi qu’un siège de sécurité pour les enfants. Lors de votre excursion en vélo vérifiez les pistes cyclables N’hésitez pas à les prendre pour votre propre sécurité et ceux qui vous entourent. Vous n’avez pas de clignotant sur un vélo alors tendez le bras pour mentionner quand vous tournez à droite ou à gauche. Je vous conseille de vous arrêter en cas Circulation importante. N’écoutez pas de la musique pendant que vous pédalez, profitez du lieu que vous visitez de plus sachez que il est important de rester à l’écoute de la route, les personnes ayant un écouteur dans les oreilles sont passibles d’une amende.Lors de vos arrêts, vérifiez les angles morts avant de reprendre la route. Les angles morts se trouvent souvent au niveau des camions et des gros véhicules. Source : Prévention Routière </p>

Sécurité Routière en Vélo Le casque n’est pas obligatoire mais, il est vivement conseillé pour vous protéger en cas de chute ou de collision les mesures les blessures dues au choc frontal demeurent la première cause de décès chez les cyclistes. Assurez-vous également du bon gonflage de vos pneus. Concernant les enfants transportés à l’arrière…
