{"id":75,"date":"2024-09-17T15:21:16","date_gmt":"2024-09-17T13:21:16","guid":{"rendered":"https:\/\/lioneletlesautresvictimesdelaroute.fr\/justice\/?page_id=75"},"modified":"2025-07-22T10:06:45","modified_gmt":"2025-07-22T08:06:45","slug":"accidents-de-la-route","status":"publish","type":"page","link":"https:\/\/lioneletlesautresvictimesdelaroute.fr\/justice\/etat-des-lieux\/autopsie-judiciaire\/situation-actuelle\/autres-cas\/accidents-de-la-route\/","title":{"rendered":"Accidents de la route"},"content":{"rendered":"\t\t<div data-elementor-type=\"wp-page\" data-elementor-id=\"75\" class=\"elementor elementor-75\" data-elementor-settings=\"{&quot;ha_cmc_init_switcher&quot;:&quot;no&quot;}\">\n\t\t\t\t<div class=\"elementor-element elementor-element-917d46d e-con-full e-flex wpr-particle-no wpr-jarallax-no wpr-parallax-no wpr-sticky-section-no wpr-equal-height-no e-con e-parent\" data-id=\"917d46d\" data-element_type=\"container\" data-e-type=\"container\" data-settings=\"{&quot;_ha_eqh_enable&quot;:false}\">\n\t\t\t\t<div class=\"elementor-element elementor-element-f818bc4 elementor-widget elementor-widget-text-editor\" data-id=\"f818bc4\" data-element_type=\"widget\" data-e-type=\"widget\" data-widget_type=\"text-editor.default\">\n\t\t\t\t<div class=\"elementor-widget-container\">\n\t\t\t\t\t\t\t\t\t<p>M\u00eame un journal de grande diffusion, s&rsquo;interesse \u00e0 ce sujet.<\/p>\t\t\t\t\t\t\t\t<\/div>\n\t\t\t\t<\/div>\n\t\t\t\t<div class=\"elementor-element elementor-element-867b1cd elementor-widget elementor-widget-image\" data-id=\"867b1cd\" data-element_type=\"widget\" data-e-type=\"widget\" data-widget_type=\"image.default\">\n\t\t\t\t<div class=\"elementor-widget-container\">\n\t\t\t\t\t\t\t\t\t\t\t\t\t\t\t\t<a href=\"https:\/\/www.liberation.fr\/societe\/2015\/04\/06\/morts-suspectes-la-double-vie-des-organes_1235939\/\">\n\t\t\t\t\t\t\t<img fetchpriority=\"high\" decoding=\"async\" width=\"986\" height=\"837\" src=\"https:\/\/lioneletlesautresvictimesdelaroute.fr\/justice\/wp-content\/uploads\/2024\/09\/LIBERATION-RECIT-MORT-SUSPECTE.jpg\" class=\"attachment-large size-large wp-image-43698\" alt=\"Lib\u00e9ration Parution Autopsie Double vie des organes\" srcset=\"https:\/\/lioneletlesautresvictimesdelaroute.fr\/justice\/wp-content\/uploads\/2024\/09\/LIBERATION-RECIT-MORT-SUSPECTE.jpg 986w, https:\/\/lioneletlesautresvictimesdelaroute.fr\/justice\/wp-content\/uploads\/2024\/09\/LIBERATION-RECIT-MORT-SUSPECTE-300x255.jpg 300w, https:\/\/lioneletlesautresvictimesdelaroute.fr\/justice\/wp-content\/uploads\/2024\/09\/LIBERATION-RECIT-MORT-SUSPECTE-768x652.jpg 768w\" sizes=\"(max-width: 986px) 100vw, 986px\" \/>\t\t\t\t\t\t\t\t<\/a>\n\t\t\t\t\t\t\t\t\t\t\t\t\t\t\t<\/div>\n\t\t\t\t<\/div>\n\t\t\t\t<div class=\"elementor-element elementor-element-b690f6f elementor-align-right elementor-widget elementor-widget-button\" data-id=\"b690f6f\" data-element_type=\"widget\" data-e-type=\"widget\" data-widget_type=\"button.default\">\n\t\t\t\t<div class=\"elementor-widget-container\">\n\t\t\t\t\t\t\t\t\t<div class=\"elementor-button-wrapper\">\n\t\t\t\t\t<a class=\"elementor-button elementor-button-link elementor-size-sm\" href=\"https:\/\/www.liberation.fr\/societe\/2015\/04\/06\/morts-suspectes-la-double-vie-des-organes_1235939\/\">\n\t\t\t\t\t\t<span class=\"elementor-button-content-wrapper\">\n\t\t\t\t\t\t\t\t\t<span class=\"elementor-button-text\">Journal : Lib\u00e9ration<\/span>\n\t\t\t\t\t<\/span>\n\t\t\t\t\t<\/a>\n\t\t\t\t<\/div>\n\t\t\t\t\t\t\t\t<\/div>\n\t\t\t\t<\/div>\n\t\t\t\t<\/div>\n\t\t<div class=\"elementor-element elementor-element-031b61c e-flex e-con-boxed wpr-particle-no wpr-jarallax-no wpr-parallax-no wpr-sticky-section-no wpr-equal-height-no e-con e-parent\" data-id=\"031b61c\" data-element_type=\"container\" data-e-type=\"container\" data-settings=\"{&quot;_ha_eqh_enable&quot;:false}\">\n\t\t\t\t\t<div class=\"e-con-inner\">\n\t\t\t\t<div class=\"elementor-element elementor-element-470c537 elementor-widget elementor-widget-spacer\" data-id=\"470c537\" data-element_type=\"widget\" data-e-type=\"widget\" data-widget_type=\"spacer.default\">\n\t\t\t\t<div class=\"elementor-widget-container\">\n\t\t\t\t\t\t\t<div class=\"elementor-spacer\">\n\t\t\t<div class=\"elementor-spacer-inner\"><\/div>\n\t\t<\/div>\n\t\t\t\t\t\t<\/div>\n\t\t\t\t<\/div>\n\t\t\t\t<div class=\"elementor-element elementor-element-5fd9376 elementor-widget elementor-widget-text-editor\" data-id=\"5fd9376\" data-element_type=\"widget\" data-e-type=\"widget\" data-widget_type=\"text-editor.default\">\n\t\t\t\t<div class=\"elementor-widget-container\">\n\t\t\t\t\t\t\t\t\t<p>Lors d\u2019un accident de la route, il y a tr\u00e8s souvent une autopsie demand\u00e9e par la justice. Cette derni\u00e8re est r\u00e9alis\u00e9e dans un Institut M\u00e9dicaux L\u00e9gal.<\/p><p>L\u2019association LIONEL EST LES AUTRES VICTIMES DE LA ROUTE a contact\u00e9e nos \u00e9lus, pour faire \u00e9voluer la l\u00e9gislation sur le sujet des autopsies.<\/p><p>Deux \u00e9lus ont fait des propositions de loi.<\/p><ul><li>Une par l\u2019ancien D\u00e9put\u00e9s du Tarn Monsieur Cabrolier Fr\u00e9d\u00e9ric<\/li><li>L\u2019autre par le S\u00e9nateur Sol Jean<\/li><\/ul><p><strong>Intervention question \u00e9crite\u00a0 de Monsieur Cabrolier Fr\u00e9d\u00e9ric (ancien d\u00e9put\u00e9 du Tarn)<\/strong><\/p><p><strong>Ministre interrog\u00e9(e) : <\/strong>le garde des sceaux\u00a0 Monsieur Dupond Morreti, ministre de la justice<\/p><p><strong>Date(s) de publication<\/strong><\/p><ol><li>Question publi\u00e9e le 21\/11\/2023<\/li><li>R\u00e9ponse\u00a0 publi\u00e9e le 27\/02\/2024<\/li><\/ol><p><strong>Intervention question \u00e9crite\u00a0 : Monsieur Jean Sol (Pyr\u00e9n\u00e9es-Orientales\u00a0 publi\u00e9e le 21\/07\/2022 <\/strong><\/p><p><strong>Ministre interrog\u00e9(e) : <\/strong>le garde des sceaux Monsieur Dupont Morreti, ministre de la justice<\/p><p><strong>Date(s) de publication<\/strong><\/p><ol><li><a href=\"https:\/\/www.senat.fr\/questions\/base\/2022\/qSEQ220701452.html\">Question<\/a> publi\u00e9e le 21\/07\/2022<\/li><li><a href=\"https:\/\/www.senat.fr\/questions\/base\/2022\/qSEQ220701452.html\">R\u00e9ponse<\/a>\u00a0 publi\u00e9e le 18\/05\/2023<\/li><\/ol>\t\t\t\t\t\t\t\t<\/div>\n\t\t\t\t<\/div>\n\t\t\t\t\t<\/div>\n\t\t\t\t<\/div>\n\t\t<div class=\"elementor-element elementor-element-6c2b072 e-flex e-con-boxed wpr-particle-no wpr-jarallax-no wpr-parallax-no wpr-sticky-section-no wpr-equal-height-no e-con e-parent\" data-id=\"6c2b072\" data-element_type=\"container\" data-e-type=\"container\" data-settings=\"{&quot;_ha_eqh_enable&quot;:false}\">\n\t\t\t\t\t<div class=\"e-con-inner\">\n\t\t\t\t\t<\/div>\n\t\t\t\t<\/div>\n\t\t\t\t<\/div>\n\t\t","protected":false},"excerpt":{"rendered":"<p>M\u00eame un journal de grande diffusion, s&rsquo;interesse \u00e0 ce sujet. Journal : Lib\u00e9ration Lors d\u2019un accident de la route, il y a tr\u00e8s souvent une autopsie demand\u00e9e par la justice. Cette derni\u00e8re est r\u00e9alis\u00e9e dans un Institut M\u00e9dicaux L\u00e9gal. L\u2019association LIONEL EST LES AUTRES VICTIMES DE LA ROUTE a contact\u00e9e nos \u00e9lus, pour faire \u00e9voluer la l\u00e9gislation sur le sujet des autopsies. Deux \u00e9lus ont fait des propositions de loi. Une par l\u2019ancien D\u00e9put\u00e9s du Tarn Monsieur Cabrolier Fr\u00e9d\u00e9ric L\u2019autre par le S\u00e9nateur Sol Jean Intervention question \u00e9crite\u00a0 de Monsieur Cabrolier Fr\u00e9d\u00e9ric (ancien d\u00e9put\u00e9 du Tarn) Ministre interrog\u00e9(e) : le garde des sceaux\u00a0 Monsieur Dupond Morreti, ministre de la justice Date(s) de publication Question publi\u00e9e le 21\/11\/2023 R\u00e9ponse\u00a0 publi\u00e9e le 27\/02\/2024 Intervention question \u00e9crite\u00a0 : Monsieur Jean Sol (Pyr\u00e9n\u00e9es-Orientales\u00a0 publi\u00e9e le 21\/07\/2022 Ministre interrog\u00e9(e) : le garde des sceaux Monsieur Dupont Morreti, ministre de la justice Date(s) de publication Question publi\u00e9e le 21\/07\/2022 R\u00e9ponse\u00a0 publi\u00e9e le 18\/05\/2023<\/p>\n","protected":false},"author":1,"featured_media":0,"parent":65,"menu_order":5,"comment_status":"closed","ping_status":"closed","template":"elementor_theme","meta":{"_uag_custom_page_level_css":"","sfsi_plus_gutenberg_text_before_share":"","sfsi_plus_gutenberg_show_text_before_share":"","sfsi_plus_gutenberg_icon_type":"","sfsi_plus_gutenberg_icon_alignemt":"","sfsi_plus_gutenburg_max_per_row":"","_lmt_disableupdate":"","_lmt_disable":"","_monsterinsights_skip_tracking":false,"_monsterinsights_sitenote_active":false,"_monsterinsights_sitenote_note":"","_monsterinsights_sitenote_category":0,"site-sidebar-layout":"default","site-content-layout":"","ast-site-content-layout":"default","site-content-style":"default","site-sidebar-style":"default","ast-global-header-display":"","ast-banner-title-visibility":"","ast-main-header-display":"","ast-hfb-above-header-display":"","ast-hfb-below-header-display":"","ast-hfb-mobile-header-display":"","site-post-title":"","ast-breadcrumbs-content":"","ast-featured-img":"","footer-sml-layout":"","ast-disable-related-posts":"","theme-transparent-header-meta":"","adv-header-id-meta":"","stick-header-meta":"","header-above-stick-meta":"","header-main-stick-meta":"","header-below-stick-meta":"","astra-migrate-meta-layouts":"default","ast-page-background-enabled":"default","ast-page-background-meta":{"desktop":{"background-color":"var(--ast-global-color-4)","background-image":"","background-repeat":"repeat","background-position":"center center","background-size":"auto","background-attachment":"scroll","background-type":"","background-media":"","overlay-type":"","overlay-color":"","overlay-opacity":"","overlay-gradient":""},"tablet":{"background-color":"","background-image":"","background-repeat":"repeat","background-position":"center center","background-size":"auto","background-attachment":"scroll","background-type":"","background-media":"","overlay-type":"","overlay-color":"","overlay-opacity":"","overlay-gradient":""},"mobile":{"background-color":"","background-image":"","background-repeat":"repeat","background-position":"center center","background-size":"auto","background-attachment":"scroll","background-type":"","background-media":"","overlay-type":"","overlay-color":"","overlay-opacity":"","overlay-gradient":""}},"ast-content-background-meta":{"desktop":{"background-color":"var(--ast-global-color-5)","background-image":"","background-repeat":"repeat","background-position":"center center","background-size":"auto","background-attachment":"scroll","background-type":"","background-media":"","overlay-type":"","overlay-color":"","overlay-opacity":"","overlay-gradient":""},"tablet":{"background-color":"var(--ast-global-color-5)","background-image":"","background-repeat":"repeat","background-position":"center center","background-size":"auto","background-attachment":"scroll","background-type":"","background-media":"","overlay-type":"","overlay-color":"","overlay-opacity":"","overlay-gradient":""},"mobile":{"background-color":"var(--ast-global-color-5)","background-image":"","background-repeat":"repeat","background-position":"center center","background-size":"auto","background-attachment":"scroll","background-type":"","background-media":"","overlay-type":"","overlay-color":"","overlay-opacity":"","overlay-gradient":""}},"iawp_total_views":1,"footnotes":""},"categories":[],"tags":[],"class_list":["post-75","page","type-page","status-publish","hentry"],"aioseo_notices":[],"uagb_featured_image_src":{"full":false,"thumbnail":false,"medium":false,"medium_large":false,"large":false,"1536x1536":false,"2048x2048":false},"uagb_author_info":{"display_name":"Michel BOUDRY","author_link":"https:\/\/lioneletlesautresvictimesdelaroute.fr\/justice\/author\/wmliojustbdy208\/"},"uagb_comment_info":0,"uagb_excerpt":"M\u00eame un journal de grande diffusion, s&rsquo;interesse \u00e0 ce sujet. Journal : Lib\u00e9ration Lors d\u2019un accident de la route, il y a tr\u00e8s souvent une autopsie demand\u00e9e par la justice. Cette derni\u00e8re est r\u00e9alis\u00e9e dans un Institut M\u00e9dicaux L\u00e9gal. L\u2019association LIONEL EST LES AUTRES VICTIMES DE LA ROUTE a contact\u00e9e nos \u00e9lus, pour faire \u00e9voluer\u2026","rttpg_featured_image_url":null,"rttpg_author":{"display_name":"Michel BOUDRY","author_link":"https:\/\/lioneletlesautresvictimesdelaroute.fr\/justice\/author\/wmliojustbdy208\/"},"rttpg_comment":0,"rttpg_category":false,"rttpg_excerpt":"M\u00eame un journal de grande diffusion, s&rsquo;interesse \u00e0 ce sujet. Journal : Lib\u00e9ration Lors d\u2019un accident de la route, il y a tr\u00e8s souvent une autopsie demand\u00e9e par la justice. Cette derni\u00e8re est r\u00e9alis\u00e9e dans un Institut M\u00e9dicaux L\u00e9gal. L\u2019association LIONEL EST LES AUTRES VICTIMES DE LA ROUTE a contact\u00e9e nos \u00e9lus, pour faire \u00e9voluer\u2026","_links":{"self":[{"href":"https:\/\/lioneletlesautresvictimesdelaroute.fr\/justice\/wp-json\/wp\/v2\/pages\/75","targetHints":{"allow":["GET"]}}],"collection":[{"href":"https:\/\/lioneletlesautresvictimesdelaroute.fr\/justice\/wp-json\/wp\/v2\/pages"}],"about":[{"href":"https:\/\/lioneletlesautresvictimesdelaroute.fr\/justice\/wp-json\/wp\/v2\/types\/page"}],"author":[{"embeddable":true,"href":"https:\/\/lioneletlesautresvictimesdelaroute.fr\/justice\/wp-json\/wp\/v2\/users\/1"}],"replies":[{"embeddable":true,"href":"https:\/\/lioneletlesautresvictimesdelaroute.fr\/justice\/wp-json\/wp\/v2\/comments?post=75"}],"version-history":[{"count":2,"href":"https:\/\/lioneletlesautresvictimesdelaroute.fr\/justice\/wp-json\/wp\/v2\/pages\/75\/revisions"}],"predecessor-version":[{"id":52957,"href":"https:\/\/lioneletlesautresvictimesdelaroute.fr\/justice\/wp-json\/wp\/v2\/pages\/75\/revisions\/52957"}],"up":[{"embeddable":true,"href":"https:\/\/lioneletlesautresvictimesdelaroute.fr\/justice\/wp-json\/wp\/v2\/pages\/65"}],"wp:attachment":[{"href":"https:\/\/lioneletlesautresvictimesdelaroute.fr\/justice\/wp-json\/wp\/v2\/media?parent=75"}],"wp:term":[{"taxonomy":"category","embeddable":true,"href":"https:\/\/lioneletlesautresvictimesdelaroute.fr\/justice\/wp-json\/wp\/v2\/categories?post=75"},{"taxonomy":"post_tag","embeddable":true,"href":"https:\/\/lioneletlesautresvictimesdelaroute.fr\/justice\/wp-json\/wp\/v2\/tags?post=75"}],"curies":[{"name":"wp","href":"https:\/\/api.w.org\/{rel}","templated":true}]}}

<div data-elementor-type="wp-page" data-elementor-id="75" class="elementor elementor-75" data-elementor-settings="{&quot;ha_cmc_init_switcher&quot;:&quot;no&quot;}">
				<div class="elementor-element elementor-element-917d46d e-con-full e-flex wpr-particle-no wpr-jarallax-no wpr-parallax-no wpr-sticky-section-no wpr-equal-height-no e-con e-parent" data-id="917d46d" data-element_type="container" data-e-type="container" data-settings="{&quot;_ha_eqh_enable&quot;:false}">
				<div class="elementor-element elementor-element-f818bc4 elementor-widget elementor-widget-text-editor" data-id="f818bc4" data-element_type="widget" data-e-type="widget" data-widget_type="text-editor.default">
				<div class="elementor-widget-container">
									<p>Même un journal de grande diffusion, s&rsquo;interesse à ce sujet.</p>								</div>
				</div>
				<div class="elementor-element elementor-element-867b1cd elementor-widget elementor-widget-image" data-id="867b1cd" data-element_type="widget" data-e-type="widget" data-widget_type="image.default">
				<div class="elementor-widget-container">
																<a href="https://www.liberation.fr/societe/2015/04/06/morts-suspectes-la-double-vie-des-organes_1235939/">
							<img fetchpriority="high" decoding="async" width="986" height="837" src="https://lioneletlesautresvictimesdelaroute.fr/justice/wp-content/uploads/2024/09/LIBERATION-RECIT-MORT-SUSPECTE.jpg" class="attachment-large size-large wp-image-43698" alt="Libération Parution Autopsie Double vie des organes" srcset="https://lioneletlesautresvictimesdelaroute.fr/justice/wp-content/uploads/2024/09/LIBERATION-RECIT-MORT-SUSPECTE.jpg 986w, https://lioneletlesautresvictimesdelaroute.fr/justice/wp-content/uploads/2024/09/LIBERATION-RECIT-MORT-SUSPECTE-300x255.jpg 300w, https://lioneletlesautresvictimesdelaroute.fr/justice/wp-content/uploads/2024/09/LIBERATION-RECIT-MORT-SUSPECTE-768x652.jpg 768w" sizes="(max-width: 986px) 100vw, 986px" />								</a>
															</div>
				</div>
				<div class="elementor-element elementor-element-b690f6f elementor-align-right elementor-widget elementor-widget-button" data-id="b690f6f" data-element_type="widget" data-e-type="widget" data-widget_type="button.default">
				<div class="elementor-widget-container">
									<div class="elementor-button-wrapper">
					<a class="elementor-button elementor-button-link elementor-size-sm" href="https://www.liberation.fr/societe/2015/04/06/morts-suspectes-la-double-vie-des-organes_1235939/">
						<span class="elementor-button-content-wrapper">
									<span class="elementor-button-text">Journal : Libération</span>
					</span>
					</a>
				</div>
								</div>
				</div>
				</div>
		<div class="elementor-element elementor-element-031b61c e-flex e-con-boxed wpr-particle-no wpr-jarallax-no wpr-parallax-no wpr-sticky-section-no wpr-equal-height-no e-con e-parent" data-id="031b61c" data-element_type="container" data-e-type="container" data-settings="{&quot;_ha_eqh_enable&quot;:false}">
					<div class="e-con-inner">
				<div class="elementor-element elementor-element-470c537 elementor-widget elementor-widget-spacer" data-id="470c537" data-element_type="widget" data-e-type="widget" data-widget_type="spacer.default">
				<div class="elementor-widget-container">
							<div class="elementor-spacer">
			<div class="elementor-spacer-inner"></div>
		</div>
						</div>
				</div>
				<div class="elementor-element elementor-element-5fd9376 elementor-widget elementor-widget-text-editor" data-id="5fd9376" data-element_type="widget" data-e-type="widget" data-widget_type="text-editor.default">
				<div class="elementor-widget-container">
									<p>Lors d’un accident de la route, il y a très souvent une autopsie demandée par la justice. Cette dernière est réalisée dans un Institut Médicaux Légal.</p><p>L’association LIONEL EST LES AUTRES VICTIMES DE LA ROUTE a contactée nos élus, pour faire évoluer la législation sur le sujet des autopsies.</p><p>Deux élus ont fait des propositions de loi.</p><ul><li>Une par l’ancien Députés du Tarn Monsieur Cabrolier Frédéric</li><li>L’autre par le Sénateur Sol Jean</li></ul><p><strong>Intervention question écrite  de Monsieur Cabrolier Frédéric (ancien député du Tarn)</strong></p><p><strong>Ministre interrogé(e) : </strong>le garde des sceaux  Monsieur Dupond Morreti, ministre de la justice</p><p><strong>Date(s) de publication</strong></p><ol><li>Question publiée le 21/11/2023</li><li>Réponse  publiée le 27/02/2024</li></ol><p><strong>Intervention question écrite  : Monsieur Jean Sol (Pyrénées-Orientales  publiée le 21/07/2022 </strong></p><p><strong>Ministre interrogé(e) : </strong>le garde des sceaux Monsieur Dupont Morreti, ministre de la justice</p><p><strong>Date(s) de publication</strong></p><ol><li><a href="https://www.senat.fr/questions/base/2022/qSEQ220701452.html">Question</a> publiée le 21/07/2022</li><li><a href="https://www.senat.fr/questions/base/2022/qSEQ220701452.html">Réponse</a>  publiée le 18/05/2023</li></ol>								</div>
				</div>
					</div>
				</div>
		<div class="elementor-element elementor-element-6c2b072 e-flex e-con-boxed wpr-particle-no wpr-jarallax-no wpr-parallax-no wpr-sticky-section-no wpr-equal-height-no e-con e-parent" data-id="6c2b072" data-element_type="container" data-e-type="container" data-settings="{&quot;_ha_eqh_enable&quot;:false}">
					<div class="e-con-inner">
					</div>
				</div>
				</div>

<p>Même un journal de grande diffusion, s&rsquo;interesse à ce sujet. Journal : Libération Lors d’un accident de la route, il y a très souvent une autopsie demandée par la justice. Cette dernière est réalisée dans un Institut Médicaux Légal. L’association LIONEL EST LES AUTRES VICTIMES DE LA ROUTE a contactée nos élus, pour faire évoluer la législation sur le sujet des autopsies. Deux élus ont fait des propositions de loi. Une par l’ancien Députés du Tarn Monsieur Cabrolier Frédéric L’autre par le Sénateur Sol Jean Intervention question écrite  de Monsieur Cabrolier Frédéric (ancien député du Tarn) Ministre interrogé(e) : le garde des sceaux  Monsieur Dupond Morreti, ministre de la justice Date(s) de publication Question publiée le 21/11/2023 Réponse  publiée le 27/02/2024 Intervention question écrite  : Monsieur Jean Sol (Pyrénées-Orientales  publiée le 21/07/2022 Ministre interrogé(e) : le garde des sceaux Monsieur Dupont Morreti, ministre de la justice Date(s) de publication Question publiée le 21/07/2022 Réponse  publiée le 18/05/2023</p>

Même un journal de grande diffusion, s&rsquo;interesse à ce sujet. Journal : Libération Lors d’un accident de la route, il y a très souvent une autopsie demandée par la justice. Cette dernière est réalisée dans un Institut Médicaux Légal. L’association LIONEL EST LES AUTRES VICTIMES DE LA ROUTE a contactée nos élus, pour faire évoluer…
